{"id":549,"date":"2021-11-03T18:21:08","date_gmt":"2021-11-03T18:21:08","guid":{"rendered":"https:\/\/mosdata.com\/bonomo\/?page_id=549"},"modified":"2021-11-13T22:26:33","modified_gmt":"2021-11-13T22:26:33","slug":"terminos-y-condiciones","status":"publish","type":"page","link":"https:\/\/bonomosistemas.com.ar\/site\/terminos-y-condiciones\/","title":{"rendered":"T\u00e9rminos y Condiciones"},"content":{"rendered":"<p>[et_pb_section fb_built=\u00bb1&#8243; _builder_version=\u00bb4.13.1&#8243; _module_preset=\u00bbdefault\u00bb custom_margin=\u00bb0px||0px||true|false\u00bb custom_padding=\u00bb50px||50px||true|false\u00bb hover_enabled=\u00bb0&#8243; global_colors_info=\u00bb{}\u00bb sticky_enabled=\u00bb0&#8243; custom_padding_last_edited=\u00bbon|phone\u00bb custom_padding_phone=\u00bb20px||20px||true|false\u00bb custom_padding_tablet=\u00bb50px||50px||true|false\u00bb][et_pb_row _builder_version=\u00bb4.13.1&#8243; _module_preset=\u00bbdefault\u00bb width_tablet=\u00bb\u00bb width_phone=\u00bb90%\u00bb width_last_edited=\u00bbon|phone\u00bb custom_padding=\u00bb||0px||false|false\u00bb global_colors_info=\u00bb{}\u00bb][et_pb_column type=\u00bb4_4&#8243; _builder_version=\u00bb4.11.4&#8243; _module_preset=\u00bbdefault\u00bb global_colors_info=\u00bb{}\u00bb][et_pb_blurb title=\u00bbT\u00e9rminos y Condiciones\u00bb image_icon_width=\u00bb37%\u00bb _builder_version=\u00bb4.13.1&#8243; _module_preset=\u00bbdefault\u00bb header_font_size=\u00bb30px\u00bb text_orientation=\u00bbcenter\u00bb custom_margin=\u00bb0px||0px||true|false\u00bb custom_padding=\u00bb0px||0px||true|false\u00bb hover_enabled=\u00bb0&#8243; border_color_bottom=\u00bbgcid-42111648-a2ee-4c00-8898-426b36ff5cac\u00bb image_max_width=\u00bb37%\u00bb global_colors_info=\u00bb{%22gcid-42111648-a2ee-4c00-8898-426b36ff5cac%22:%91%22border_color_bottom%22%93}\u00bb header_font_size_last_edited=\u00bbon|phone\u00bb header_font_size_phone=\u00bb27px\u00bb sticky_enabled=\u00bb0&#8243; header_font_size_tablet=\u00bb30px\u00bb][\/et_pb_blurb][et_pb_divider color=\u00bbgcid-42111648-a2ee-4c00-8898-426b36ff5cac\u00bb divider_weight=\u00bb2px\u00bb _builder_version=\u00bb4.13.1&#8243; _module_preset=\u00bbdefault\u00bb width=\u00bb19%\u00bb width_tablet=\u00bb15%\u00bb width_phone=\u00bb63%\u00bb width_last_edited=\u00bbon|phone\u00bb module_alignment=\u00bbcenter\u00bb custom_margin=\u00bb10px||20px||false|false\u00bb custom_padding=\u00bb0px||0px||true|false\u00bb hover_enabled=\u00bb0&#8243; global_colors_info=\u00bb{%22gcid-42111648-a2ee-4c00-8898-426b36ff5cac%22:%91%22color%22%93}\u00bb sticky_enabled=\u00bb0&#8243;][\/et_pb_divider][\/et_pb_column][\/et_pb_row][et_pb_row custom_padding_last_edited=\u00bbon|desktop\u00bb _builder_version=\u00bb4.13.1&#8243; _module_preset=\u00bbdefault\u00bb width_tablet=\u00bb\u00bb width_phone=\u00bb90%\u00bb width_last_edited=\u00bbon|phone\u00bb custom_padding=\u00bb10px||10px||true|false\u00bb custom_padding_tablet=\u00bb10px||10px||true|false\u00bb custom_padding_phone=\u00bb0px||0px||true|false\u00bb global_colors_info=\u00bb{}\u00bb][et_pb_column type=\u00bb4_4&#8243; _builder_version=\u00bb4.11.4&#8243; _module_preset=\u00bbdefault\u00bb global_colors_info=\u00bb{}\u00bb][et_pb_text _builder_version=\u00bb4.12.1&#8243; _module_preset=\u00bbdefault\u00bb text_font_size=\u00bb15px\u00bb global_colors_info=\u00bb{}\u00bb]<\/p>\n<ul>\n<li bis_size=\"{&quot;x&quot;:11,&quot;y&quot;:16,&quot;w&quot;:489,&quot;h&quot;:312,&quot;abs_x&quot;:849,&quot;abs_y&quot;:393}\">Al realizar una compra el cliente acepta las condici\u00f3nes de servicio aqu\u00ed detalladas.<\/li>\n<li bis_size=\"{&quot;x&quot;:11,&quot;y&quot;:16,&quot;w&quot;:489,&quot;h&quot;:312,&quot;abs_x&quot;:849,&quot;abs_y&quot;:393}\">Los precios que figuran en este sitio Web son en Pesos Argentinos, incluyen todos los impuestos y podr\u00e1n cambiar sin previo aviso.<\/li>\n<li bis_size=\"{&quot;x&quot;:11,&quot;y&quot;:16,&quot;w&quot;:489,&quot;h&quot;:312,&quot;abs_x&quot;:849,&quot;abs_y&quot;:393}\">Las fotos expuestas en nuestro cat\u00e1logo son solo a modo de ejemplo y pueden sufrir variaciones al momento de la compra.<\/li>\n<li bis_size=\"{&quot;x&quot;:11,&quot;y&quot;:16,&quot;w&quot;:489,&quot;h&quot;:312,&quot;abs_x&quot;:849,&quot;abs_y&quot;:393}\">La entrega de la mercader\u00eda publicada en la p\u00e1gina de Internet queda supeditada al stock existente.<\/li>\n<li bis_size=\"{&quot;x&quot;:11,&quot;y&quot;:16,&quot;w&quot;:489,&quot;h&quot;:312,&quot;abs_x&quot;:849,&quot;abs_y&quot;:393}\">Bonomo no se hace responsable por p\u00e9rdidas, roturas, extrav\u00edo durante el transporte de mercader\u00eda a destino.<\/li>\n<li bis_size=\"{&quot;x&quot;:11,&quot;y&quot;:16,&quot;w&quot;:489,&quot;h&quot;:312,&quot;abs_x&quot;:849,&quot;abs_y&quot;:393}\">Hacemos env\u00edos a toda la Rep\u00fablica Argentina.<\/li>\n<li bis_size=\"{&quot;x&quot;:11,&quot;y&quot;:16,&quot;w&quot;:489,&quot;h&quot;:312,&quot;abs_x&quot;:849,&quot;abs_y&quot;:393}\">Las especificaciones t\u00e9cnicas y descripciones est\u00e1n sujetas a cambios sin previo aviso.<\/li>\n<\/ul>\n<p>[\/et_pb_text][\/et_pb_column][\/et_pb_row][et_pb_row _builder_version=\u00bb4.13.1&#8243; _module_preset=\u00bbdefault\u00bb width_tablet=\u00bb\u00bb width_phone=\u00bb90%\u00bb width_last_edited=\u00bbon|phone\u00bb custom_padding=\u00bb20px||20px||true|false\u00bb global_colors_info=\u00bb{}\u00bb][et_pb_column type=\u00bb4_4&#8243; _builder_version=\u00bb4.11.4&#8243; _module_preset=\u00bbdefault\u00bb global_colors_info=\u00bb{}\u00bb][et_pb_button button_url=\u00bb@ET-DC@eyJkeW5hbWljIjp0cnVlLCJjb250ZW50IjoicG9zdF9saW5rX3VybF9wYWdlIiwic2V0dGluZ3MiOnsicG9zdF9pZCI6IjUzNyJ9fQ==@\u00bb button_text=\u00bbContacto\u00bb _builder_version=\u00bb4.12.1&#8243; _dynamic_attributes=\u00bbbutton_url\u00bb _module_preset=\u00bbdefault\u00bb custom_button=\u00bbon\u00bb button_text_size=\u00bb18px\u00bb button_text_color=\u00bb#000000&#8243; button_bg_color=\u00bb#d8d8d8&#8243; button_border_color=\u00bbRGBA(0,0,0,0)\u00bb custom_padding=\u00bb5px||5px||true|true\u00bb global_colors_info=\u00bb{%22gcid-1ba47d60-c27f-46fd-a12f-d4e04936acd1%22:%91%22button_bg_color__hover%22%93}\u00bb button_bg_color__hover_enabled=\u00bbon|desktop\u00bb button_bg_color__hover=\u00bb#f68002&#8243; button_bg_enable_color__hover=\u00bbon\u00bb][\/et_pb_button][\/et_pb_column][\/et_pb_row][\/et_pb_section]<\/p>\n","protected":false},"excerpt":{"rendered":"<p>Al realizar una compra el cliente acepta las condici\u00f3nes de servicio aqu\u00ed detalladas. Los precios que figuran en este sitio Web son en Pesos Argentinos, incluyen todos los impuestos y podr\u00e1n cambiar sin previo aviso. Las fotos expuestas en nuestro cat\u00e1logo son solo a modo de ejemplo y pueden sufrir variaciones al momento de la [&hellip;]<\/p>\n","protected":false},"author":14,"featured_media":0,"parent":0,"menu_order":0,"comment_status":"closed","ping_status":"closed","template":"","meta":{"_et_pb_use_builder":"on","_et_pb_old_content":"","_et_gb_content_width":"","footnotes":""},"class_list":["post-549","page","type-page","status-publish","hentry"],"_links":{"self":[{"href":"https:\/\/bonomosistemas.com.ar\/site\/wp-json\/wp\/v2\/pages\/549","targetHints":{"allow":["GET"]}}],"collection":[{"href":"https:\/\/bonomosistemas.com.ar\/site\/wp-json\/wp\/v2\/pages"}],"about":[{"href":"https:\/\/bonomosistemas.com.ar\/site\/wp-json\/wp\/v2\/types\/page"}],"author":[{"embeddable":true,"href":"https:\/\/bonomosistemas.com.ar\/site\/wp-json\/wp\/v2\/users\/14"}],"replies":[{"embeddable":true,"href":"https:\/\/bonomosistemas.com.ar\/site\/wp-json\/wp\/v2\/comments?post=549"}],"version-history":[{"count":5,"href":"https:\/\/bonomosistemas.com.ar\/site\/wp-json\/wp\/v2\/pages\/549\/revisions"}],"predecessor-version":[{"id":808,"href":"https:\/\/bonomosistemas.com.ar\/site\/wp-json\/wp\/v2\/pages\/549\/revisions\/808"}],"wp:attachment":[{"href":"https:\/\/bonomosistemas.com.ar\/site\/wp-json\/wp\/v2\/media?parent=549"}],"curies":[{"name":"wp","href":"https:\/\/api.w.org\/{rel}","templated":true}]}}