{"id":1137,"date":"2021-12-20T17:24:07","date_gmt":"2021-12-20T17:24:07","guid":{"rendered":"https:\/\/bonomosistemas.com.ar\/site\/?post_type=product&#038;p=1137"},"modified":"2023-11-04T10:30:32","modified_gmt":"2023-11-04T13:30:32","slug":"impresora-termica-sam4s-giant-100-serie-usb-red","status":"publish","type":"product","link":"https:\/\/bonomosistemas.com.ar\/site\/producto\/impresora-termica-sam4s-giant-100-serie-usb-red\/","title":{"rendered":"Impresora T\u00e9rmica Sam4S Giant 100 (SERIE\/USB\/RED)"},"content":{"rendered":"<ul>\n<li>Impresora t\u00e9rmica de 80 mm por l\u00ednea, compacta, veloz y elegante<\/li>\n<li>\u00danica en su tipo con dos puertos de impresi\u00f3n SERIE + USB + RED<\/li>\n<li>Instalaci\u00f3n y configuraci\u00f3n simple y r\u00e1pida<\/li>\n<li>AutoCorte de papel (58mm y 80mm)<\/li>\n<li>Soporte para impresi\u00f3n de c\u00f3d. de barras, c\u00f3d. QR y todo tipo de gr\u00e1ficos<\/li>\n<li><strong>Velocidad de impresi\u00f3n:<\/strong> m\u00e1x. 250 mm\/seg (59 l\u00edneas\/seg.)<\/li>\n<li><strong>Resoluci\u00f3n:<\/strong> 180 dpi.<\/li>\n<li><strong>Carga Papel:<\/strong> Drop-in type.<\/li>\n<li><strong>Ancho:<\/strong> m\u00e1x. 80 mm.<\/li>\n<li><strong>Di\u00e1metro:<\/strong> m\u00e1x. 83 mm.<\/li>\n<li><strong>Cortador autom\u00e1tico:<\/strong> 1.500.000 cut.<\/li>\n<li><strong>Mecanismo (MCBF):<\/strong> 70.000.000 l\u00edneas.<\/li>\n<li><strong>TPH:<\/strong> 1 x 10^8 pulses\/150 Km.<\/li>\n<li><strong>C\u00f3digo de barras:<\/strong> UPC-A, UPC-E, EAN8, EAN13, Code 39, Code 93, Code 128, ITF, CODABAR, PDF417, QRCode.<\/li>\n<li><strong>Drivers:<\/strong> WEPOS, POSReady 2009, W. XP pro, W. Vista, W. 7 pro, POSReady 7, W. 8 pro, Industry 8, OPOS, JPOS, Linux Cups, Max (OSX 10.8), Android SDK.<\/li>\n<li><strong>Interfaz:<\/strong> RS232\/USB\/Ethernet.<\/li>\n<\/ul>\n","protected":false},"excerpt":{"rendered":"<p>Impresora de tickets continuo t\u00e9rmico de 80mm<\/p>\n","protected":false},"featured_media":1136,"comment_status":"open","ping_status":"closed","template":"","meta":{"_et_pb_use_builder":"","_et_pb_old_content":"","_et_gb_content_width":""},"product_brand":[],"product_cat":[24],"product_tag":[138,122,139,143,144],"class_list":{"0":"post-1137","1":"product","2":"type-product","3":"status-publish","4":"has-post-thumbnail","6":"product_cat-comanderas","7":"product_tag-comandera","8":"product_tag-consulte","9":"product_tag-impresora-termica","10":"product_tag-sam","11":"product_tag-sam4s","13":"first","14":"instock","15":"shipping-taxable","16":"purchasable","17":"product-type-simple"},"_links":{"self":[{"href":"https:\/\/bonomosistemas.com.ar\/site\/wp-json\/wp\/v2\/product\/1137","targetHints":{"allow":["GET"]}}],"collection":[{"href":"https:\/\/bonomosistemas.com.ar\/site\/wp-json\/wp\/v2\/product"}],"about":[{"href":"https:\/\/bonomosistemas.com.ar\/site\/wp-json\/wp\/v2\/types\/product"}],"replies":[{"embeddable":true,"href":"https:\/\/bonomosistemas.com.ar\/site\/wp-json\/wp\/v2\/comments?post=1137"}],"wp:featuredmedia":[{"embeddable":true,"href":"https:\/\/bonomosistemas.com.ar\/site\/wp-json\/wp\/v2\/media\/1136"}],"wp:attachment":[{"href":"https:\/\/bonomosistemas.com.ar\/site\/wp-json\/wp\/v2\/media?parent=1137"}],"wp:term":[{"taxonomy":"product_brand","embeddable":true,"href":"https:\/\/bonomosistemas.com.ar\/site\/wp-json\/wp\/v2\/product_brand?post=1137"},{"taxonomy":"product_cat","embeddable":true,"href":"https:\/\/bonomosistemas.com.ar\/site\/wp-json\/wp\/v2\/product_cat?post=1137"},{"taxonomy":"product_tag","embeddable":true,"href":"https:\/\/bonomosistemas.com.ar\/site\/wp-json\/wp\/v2\/product_tag?post=1137"}],"curies":[{"name":"wp","href":"https:\/\/api.w.org\/{rel}","templated":true}]}}