{"id":1174,"date":"2022-01-03T13:09:05","date_gmt":"2022-01-03T13:09:05","guid":{"rendered":"https:\/\/bonomosistemas.com.ar\/site\/?post_type=product&#038;p=1174"},"modified":"2026-03-06T14:17:35","modified_gmt":"2026-03-06T17:17:35","slug":"mouse-hyperx-pulsefire-core-rgb","status":"publish","type":"product","link":"https:\/\/bonomosistemas.com.ar\/site\/producto\/mouse-hyperx-pulsefire-core-rgb\/","title":{"rendered":"Mouse HyperX PulseFire Core RGB"},"content":{"rendered":"<ul>\n<li><strong>Ergonom\u00eda:<\/strong> Sim\u00e9trica<\/li>\n<li><strong>Sensor:<\/strong> Pixart PAW3327<\/li>\n<li><strong>Resoluci\u00f3n:<\/strong> Hasta 6.200 ppp<\/li>\n<li><strong>Resoluci\u00f3n preconfigurada:<\/strong> 800 \/ 1600 \/ 2400 \/ 3200 ppp<\/li>\n<li><strong>Velocidad:<\/strong> 220 IPS<\/li>\n<li><strong>Aceleraci\u00f3n:<\/strong> 30G<\/li>\n<li><strong>Botones:<\/strong> 7<\/li>\n<li><strong>Vida \u00fatil de los botones izquierdo\/derecho:<\/strong> 20 millones de clics<\/li>\n<li><strong>Retroiluminaci\u00f3n:<\/strong> RGB (16.777.216 colores)<\/li>\n<li><strong>Efectos luminosos:<\/strong> 1 zona de iluminaci\u00f3n y 4 niveles de brillo1<\/li>\n<li><strong>Memoria interna:<\/strong> 1 perfil<\/li>\n<li><strong>Tipo de conexi\u00f3n:<\/strong> USB 2.0<\/li>\n<li><strong>Frecuencia de sondeo:<\/strong> 1000 Hz<\/li>\n<li><strong>Formato de datos USB:<\/strong> 16 bits\/eje<\/li>\n<li><strong>Tipo de cable:<\/strong> trenzado<\/li>\n<li><strong>Peso (sin cable):<\/strong> 87 g<\/li>\n<li><strong>Peso (con cable):<\/strong> 123 g<\/li>\n<li><strong>Longitud:<\/strong> 119,30 mm<\/li>\n<li><strong>Altura:<\/strong> 41,30 mm<\/li>\n<li><strong>Anchura:<\/strong> 63,90 mm<\/li>\n<li><strong>Longitud del cable:<\/strong> 1,8 m<\/li>\n<\/ul>\n","protected":false},"excerpt":{"rendered":"<p>El HyperX Pulsefire Core&#x2122; tiene todo lo que buscan los jugadores de verdad en un rat\u00f3n para juegos RGB con cable: solidez y confort. El sensor \u00f3ptico Pixart 3327 permite a los jugadores un seguimiento preciso y exacto, sin aceleraci\u00f3n de hardware, y cuenta con ajustes nativos de ppp, de hasta 6200 ppp. El dise\u00f1o ergon\u00f3mico del Pulsefire Core incorpora laterales antideslizantes texturizados para aferrarlo c\u00f3modamente y sin que resbale. Su forma geom\u00e9trica es adecuada aferrarlo con la palma o como garra. Dispone de interruptores de alta calidad con n\u00edtida respuesta t\u00e1ctil, para hasta 20 millones de clics. Iluminaci\u00f3n personalizada, ajustes de ppp y macros para 7 botones programables con software HyperX NGenuity para configurar el rat\u00f3n exactamente como quieras. Los patines de la Pulsefire Core ayudan a apuntar con precisi\u00f3n, posibilitando un deslizamiento suave y controlador al mover el rat\u00f3n.<\/p>\n","protected":false},"featured_media":1175,"comment_status":"open","ping_status":"closed","template":"","meta":{"_et_pb_use_builder":"","_et_pb_old_content":"","_et_gb_content_width":""},"product_brand":[],"product_cat":[411,82],"product_tag":[156,127,147],"class_list":{"0":"post-1174","1":"product","2":"type-product","3":"status-publish","4":"has-post-thumbnail","6":"product_cat-dia-del-nino","7":"product_cat-mouse","8":"product_tag-gamer","9":"product_tag-hyperx","10":"product_tag-mouse","12":"first","13":"instock","14":"sale","15":"shipping-taxable","16":"purchasable","17":"product-type-simple"},"_links":{"self":[{"href":"https:\/\/bonomosistemas.com.ar\/site\/wp-json\/wp\/v2\/product\/1174","targetHints":{"allow":["GET"]}}],"collection":[{"href":"https:\/\/bonomosistemas.com.ar\/site\/wp-json\/wp\/v2\/product"}],"about":[{"href":"https:\/\/bonomosistemas.com.ar\/site\/wp-json\/wp\/v2\/types\/product"}],"replies":[{"embeddable":true,"href":"https:\/\/bonomosistemas.com.ar\/site\/wp-json\/wp\/v2\/comments?post=1174"}],"wp:featuredmedia":[{"embeddable":true,"href":"https:\/\/bonomosistemas.com.ar\/site\/wp-json\/wp\/v2\/media\/1175"}],"wp:attachment":[{"href":"https:\/\/bonomosistemas.com.ar\/site\/wp-json\/wp\/v2\/media?parent=1174"}],"wp:term":[{"taxonomy":"product_brand","embeddable":true,"href":"https:\/\/bonomosistemas.com.ar\/site\/wp-json\/wp\/v2\/product_brand?post=1174"},{"taxonomy":"product_cat","embeddable":true,"href":"https:\/\/bonomosistemas.com.ar\/site\/wp-json\/wp\/v2\/product_cat?post=1174"},{"taxonomy":"product_tag","embeddable":true,"href":"https:\/\/bonomosistemas.com.ar\/site\/wp-json\/wp\/v2\/product_tag?post=1174"}],"curies":[{"name":"wp","href":"https:\/\/api.w.org\/{rel}","templated":true}]}}