{"id":1186,"date":"2022-01-03T14:30:38","date_gmt":"2022-01-03T17:30:38","guid":{"rendered":"https:\/\/bonomosistemas.com.ar\/site\/?post_type=product&#038;p=1186"},"modified":"2025-02-02T10:42:08","modified_gmt":"2025-02-02T13:42:08","slug":"fuente-corsair-vs600-600w-80plus-white","status":"publish","type":"product","link":"https:\/\/bonomosistemas.com.ar\/site\/producto\/fuente-corsair-vs600-600w-80plus-white\/","title":{"rendered":"Fuente Corsair VS600 600w 80Plus White"},"content":{"rendered":"<ul>\n<li><strong>Marca:<\/strong> Corsair<\/li>\n<li><strong>Modelo:<\/strong> VS600<\/li>\n<li><strong>Watts:<\/strong> 600 W<\/li>\n<li><strong>Dimensiones:<\/strong> 140 x 150 x 86 mm (L x W x H)<\/li>\n<li><strong>Color:<\/strong> Negro<\/li>\n<li><strong>Tama\u00f1o del ventilador:<\/strong> 120 mm<\/li>\n<li><strong>Conectores:<\/strong><br \/>\n24P (20+4): 1<br \/>\nSATA: 7<br \/>\nMOLEX: 3<br \/>\nPCI-E: 2<br \/>\nCPU 8P (4+4): 1<\/li>\n<li><strong>ATX 12v Versi\u00f3n: <\/strong>v2.31<\/li>\n<li><strong>Voltaje de entrada:<\/strong> 100V\/240V<\/li>\n<li><strong>Eficiencia:<\/strong> 80Plus white<\/li>\n<\/ul>\n","protected":false},"excerpt":{"rendered":"<p>La fuente de alimentaci\u00f3n VS600 garantiza un suministro de 600 W de potencia continua. Con una correcci\u00f3n del factor de potencia activo de 0,99, puede estar seguro de que los componentes del equipo estar\u00e1n siempre protegidos ante las irregularidades del suministro el\u00e9ctrico. Su ra\u00edl espec\u00edfico de +12 V le ahorra la molestia de tener que equilibrar los componentes del equipo entre varios cables de alimentaci\u00f3n.<\/p>\n<p>El ventilador de 120 mm est\u00e1 controlado por temperatura, por lo que solo gira a m\u00e1xima velocidad cuando el sistema funciona a toda potencia. Aun as\u00ed, es muy silencioso incluso a plena carga. La gama VS Series ofrece un 80% m\u00e1s de eficiencia. Le alegrar\u00e1 comprobar que, al generar menos calor, la factura de la electricidad tambi\u00e9n disminuye.<\/p>\n","protected":false},"featured_media":1187,"comment_status":"open","ping_status":"closed","template":"","meta":{"_et_pb_use_builder":"","_et_pb_old_content":"","_et_gb_content_width":""},"product_brand":[],"product_cat":[123],"product_tag":[162,122,160,163],"class_list":{"0":"post-1186","1":"product","2":"type-product","3":"status-publish","4":"has-post-thumbnail","6":"product_cat-fuentes-de-alimentacion","7":"product_tag-atx","8":"product_tag-consulte","9":"product_tag-fuentes","10":"product_tag-psu","12":"first","13":"outofstock","14":"shipping-taxable","15":"purchasable","16":"product-type-simple"},"_links":{"self":[{"href":"https:\/\/bonomosistemas.com.ar\/site\/wp-json\/wp\/v2\/product\/1186","targetHints":{"allow":["GET"]}}],"collection":[{"href":"https:\/\/bonomosistemas.com.ar\/site\/wp-json\/wp\/v2\/product"}],"about":[{"href":"https:\/\/bonomosistemas.com.ar\/site\/wp-json\/wp\/v2\/types\/product"}],"replies":[{"embeddable":true,"href":"https:\/\/bonomosistemas.com.ar\/site\/wp-json\/wp\/v2\/comments?post=1186"}],"wp:featuredmedia":[{"embeddable":true,"href":"https:\/\/bonomosistemas.com.ar\/site\/wp-json\/wp\/v2\/media\/1187"}],"wp:attachment":[{"href":"https:\/\/bonomosistemas.com.ar\/site\/wp-json\/wp\/v2\/media?parent=1186"}],"wp:term":[{"taxonomy":"product_brand","embeddable":true,"href":"https:\/\/bonomosistemas.com.ar\/site\/wp-json\/wp\/v2\/product_brand?post=1186"},{"taxonomy":"product_cat","embeddable":true,"href":"https:\/\/bonomosistemas.com.ar\/site\/wp-json\/wp\/v2\/product_cat?post=1186"},{"taxonomy":"product_tag","embeddable":true,"href":"https:\/\/bonomosistemas.com.ar\/site\/wp-json\/wp\/v2\/product_tag?post=1186"}],"curies":[{"name":"wp","href":"https:\/\/api.w.org\/{rel}","templated":true}]}}