{"id":1458,"date":"2022-06-17T15:15:24","date_gmt":"2022-06-17T18:15:24","guid":{"rendered":"https:\/\/bonomosistemas.com.ar\/site\/?post_type=product&#038;p=1458"},"modified":"2026-01-26T19:40:34","modified_gmt":"2026-01-26T22:40:34","slug":"parlantes-genius-sp-hf180","status":"publish","type":"product","link":"https:\/\/bonomosistemas.com.ar\/site\/producto\/parlantes-genius-sp-hf180\/","title":{"rendered":"Parlantes Genius SP-HF180"},"content":{"rendered":"<ul>\n<li><strong>DIMENSIONES:<\/strong>\n<ul>\n<li><strong>Altura x Anchura x Profundidad:<\/strong> 129 mm x 84 mm x 84 mm<\/li>\n<li><strong>Peso:<\/strong> 0,644 Kg<\/li>\n<\/ul>\n<\/li>\n<li><strong>ESPECIFICACIONES:<\/strong>\n<ul>\n<li><strong>Total de vatios reales (RMS):<\/strong> 6w<\/li>\n<li><strong>Entrada de 3,5 mm:<\/strong> 1<\/li>\n<li><strong>Cable USB para alimentaci\u00f3n:<\/strong> 1<\/li>\n<\/ul>\n<\/li>\n<li><strong>REQUISITOS DEL SISTEMA:<\/strong>\n<ul>\n<li>Puerto USB para alimentaci\u00f3n<\/li>\n<li>Toma de aud\u00edfonos (3,5 mm) en dispositivo de audio<\/li>\n<\/ul>\n<\/li>\n<\/ul>\n","protected":false},"excerpt":{"rendered":"<p>Estas bocinas compactas con pr\u00e1ctica alimentaci\u00f3n por USB se configuran f\u00e1cilmente y se pueden llevar f\u00e1cilmente de una habitaci\u00f3n a otra.<\/p>\n","protected":false},"featured_media":1464,"comment_status":"open","ping_status":"closed","template":"","meta":{"_et_pb_use_builder":"","_et_pb_old_content":"","_et_gb_content_width":""},"product_brand":[],"product_cat":[411,83],"product_tag":[136,225],"class_list":{"0":"post-1458","1":"product","2":"type-product","3":"status-publish","4":"has-post-thumbnail","6":"product_cat-dia-del-nino","7":"product_cat-parlantes","8":"product_tag-genius","9":"product_tag-parlantes","11":"first","12":"instock","13":"shipping-taxable","14":"purchasable","15":"product-type-simple"},"_links":{"self":[{"href":"https:\/\/bonomosistemas.com.ar\/site\/wp-json\/wp\/v2\/product\/1458","targetHints":{"allow":["GET"]}}],"collection":[{"href":"https:\/\/bonomosistemas.com.ar\/site\/wp-json\/wp\/v2\/product"}],"about":[{"href":"https:\/\/bonomosistemas.com.ar\/site\/wp-json\/wp\/v2\/types\/product"}],"replies":[{"embeddable":true,"href":"https:\/\/bonomosistemas.com.ar\/site\/wp-json\/wp\/v2\/comments?post=1458"}],"wp:featuredmedia":[{"embeddable":true,"href":"https:\/\/bonomosistemas.com.ar\/site\/wp-json\/wp\/v2\/media\/1464"}],"wp:attachment":[{"href":"https:\/\/bonomosistemas.com.ar\/site\/wp-json\/wp\/v2\/media?parent=1458"}],"wp:term":[{"taxonomy":"product_brand","embeddable":true,"href":"https:\/\/bonomosistemas.com.ar\/site\/wp-json\/wp\/v2\/product_brand?post=1458"},{"taxonomy":"product_cat","embeddable":true,"href":"https:\/\/bonomosistemas.com.ar\/site\/wp-json\/wp\/v2\/product_cat?post=1458"},{"taxonomy":"product_tag","embeddable":true,"href":"https:\/\/bonomosistemas.com.ar\/site\/wp-json\/wp\/v2\/product_tag?post=1458"}],"curies":[{"name":"wp","href":"https:\/\/api.w.org\/{rel}","templated":true}]}}