{"id":1609,"date":"2022-09-05T21:52:40","date_gmt":"2022-09-06T00:52:40","guid":{"rendered":"https:\/\/bonomosistemas.com.ar\/site\/?post_type=product&#038;p=1609"},"modified":"2026-01-26T19:57:38","modified_gmt":"2026-01-26T22:57:38","slug":"ups-trv-neo-650a","status":"publish","type":"product","link":"https:\/\/bonomosistemas.com.ar\/site\/producto\/ups-trv-neo-650a\/","title":{"rendered":"UPS TRV Neo 650A"},"content":{"rendered":"<ul>\n<li><strong>Modelo:<\/strong> TRV Neo 650A<\/li>\n<li><strong>Potencia: <\/strong>650VA<\/li>\n<li><strong>Entrada:<\/strong>\n<ul>\n<li><strong>Factor Potencia:<\/strong> 0.6<\/li>\n<li><strong>Tensi\u00f3n nominal:<\/strong> 220V<\/li>\n<li><strong>Rango:<\/strong> 165 &#8211; 275 V<\/li>\n<li><strong>Frecuencia:<\/strong> 50 Hz +\/- 10%<\/li>\n<\/ul>\n<\/li>\n<li><strong>Salida:<\/strong>\n<ul>\n<li><strong>Corriente M\u00e1xima simult\u00e1nea en tomas:<\/strong> 2.95A<\/li>\n<li><strong>Tensi\u00f3n (Modo bater\u00eda):<\/strong> Sinusoidal modificada, 220V +\/- 5%<\/li>\n<li><strong>Frecuencia (Modo bater\u00eda):<\/strong> 50Hz +\/- 1%<\/li>\n<li><strong>Regulaci\u00f3n de tensi\u00f3n:<\/strong> 1 paso elevador y un paso reductor<\/li>\n<li><strong>Tiempo de transferencia:<\/strong> 2\/4mS (incluye tiempo de detecci\u00f3n)<\/li>\n<\/ul>\n<\/li>\n<li><strong>Protecci\u00f3n y\u00a0 filtrado:<\/strong>\n<ul>\n<li><strong>Protecci\u00f3n picos de tensi\u00f3n:<\/strong> 480 Joules 2 mS<\/li>\n<li><strong>Entrada:<\/strong> Fusible con reposici\u00f3n<\/li>\n<li><strong>Sobrecarga:<\/strong> El UPS autom\u00e1ticamente se apaga a los 60 segundos si la sobrecarga alcanza 110% y si excede el 130% a los 3 segundos.<\/li>\n<li><strong>Cortocircuito:<\/strong> Electr\u00f3nica o fusible con reposici\u00f3n.<\/li>\n<\/ul>\n<\/li>\n<li><strong>Bater\u00eda:<\/strong>\n<ul>\n<li><strong>Tipo:<\/strong> Sellada, plomo-acido, libre de mantenimiento.<\/li>\n<li><strong>Tiempo de recarga:<\/strong> 4 horas (para 90% de capacidad)<\/li>\n<li><strong>Protecci\u00f3n:<\/strong> Auto-Descarga<\/li>\n<li><strong>Autonom\u00eda (para 1 PC con monitor de 17&#8243;):<\/strong> 7 &#8211; 9 min.<\/li>\n<\/ul>\n<\/li>\n<li><strong>Caracter\u00edsticas f\u00edsicas:<\/strong>\n<ul>\n<li><strong>Peso:<\/strong> 4.3kg<\/li>\n<li><strong>Dimensiones (ancho x largo x alto en mm):<\/strong> 100 x 278 x 140<\/li>\n<\/ul>\n<\/li>\n<li><strong>Alarma:<\/strong>\n<ul>\n<li><strong>Modo bater\u00eda:<\/strong> Beep lento (cada 2 segundos \/ 1 minuto)<\/li>\n<li><strong>Bater\u00eda baja:<\/strong> Beep r\u00e1pido (cada 0.5 segundos)<\/li>\n<li><strong>Sobrecarga:<\/strong> Beep continuo<\/li>\n<\/ul>\n<\/li>\n<\/ul>\n","protected":false},"excerpt":{"rendered":"<div>El UPS proteger\u00e1 la carga de las variaciones de tensi\u00f3n y de los corte del suministro el\u00e9ctrico por un tiempo acotado, esta autonom\u00eda depende de los equipos conectados, por ejemplo una PC de escritorio con monitor LED de 17\u201d su autonom\u00eda es aproximadamente 10 minutos.<\/div>\n<div>Es del tipo off-line con estabilizador incorporado lo que le permite tener un amplio rango de trabajo. Cuando la tensi\u00f3n de la red de distribuci\u00f3n el\u00e9ctrica est\u00e1 presente (modo l\u00ednea) el UPS acondiciona la tensi\u00f3n de entrada, estabiliz\u00e1ndola para energizar los equipos conectados y adem\u00e1s carga la bater\u00eda. Si la tensi\u00f3n de entrada es anormal o se interrumpe (modo bater\u00eda), el UPS podr\u00e1 abastecer a los equipos conectados inmediatamente a partir de la energ\u00eda almacenada en la bater\u00eda.<\/div>\n<div>Est\u00e1 equipado con bater\u00eda de electrolito absorbido, libre de mantenimiento. El circuito cargador carga la bater\u00eda estando apagado y enchufado a la red el\u00e9ctrica.<\/div>\n","protected":false},"featured_media":1610,"comment_status":"open","ping_status":"closed","template":"","meta":{"_et_pb_use_builder":"","_et_pb_old_content":"","_et_gb_content_width":""},"product_brand":[],"product_cat":[37],"product_tag":[140,248],"class_list":{"0":"post-1609","1":"product","2":"type-product","3":"status-publish","4":"has-post-thumbnail","6":"product_cat-estabilizadores-ups","7":"product_tag-trv","8":"product_tag-ups","10":"first","11":"instock","12":"shipping-taxable","13":"purchasable","14":"product-type-simple"},"_links":{"self":[{"href":"https:\/\/bonomosistemas.com.ar\/site\/wp-json\/wp\/v2\/product\/1609","targetHints":{"allow":["GET"]}}],"collection":[{"href":"https:\/\/bonomosistemas.com.ar\/site\/wp-json\/wp\/v2\/product"}],"about":[{"href":"https:\/\/bonomosistemas.com.ar\/site\/wp-json\/wp\/v2\/types\/product"}],"replies":[{"embeddable":true,"href":"https:\/\/bonomosistemas.com.ar\/site\/wp-json\/wp\/v2\/comments?post=1609"}],"wp:featuredmedia":[{"embeddable":true,"href":"https:\/\/bonomosistemas.com.ar\/site\/wp-json\/wp\/v2\/media\/1610"}],"wp:attachment":[{"href":"https:\/\/bonomosistemas.com.ar\/site\/wp-json\/wp\/v2\/media?parent=1609"}],"wp:term":[{"taxonomy":"product_brand","embeddable":true,"href":"https:\/\/bonomosistemas.com.ar\/site\/wp-json\/wp\/v2\/product_brand?post=1609"},{"taxonomy":"product_cat","embeddable":true,"href":"https:\/\/bonomosistemas.com.ar\/site\/wp-json\/wp\/v2\/product_cat?post=1609"},{"taxonomy":"product_tag","embeddable":true,"href":"https:\/\/bonomosistemas.com.ar\/site\/wp-json\/wp\/v2\/product_tag?post=1609"}],"curies":[{"name":"wp","href":"https:\/\/api.w.org\/{rel}","templated":true}]}}