{"id":2029,"date":"2023-05-25T13:52:55","date_gmt":"2023-05-25T16:52:55","guid":{"rendered":"https:\/\/bonomosistemas.com.ar\/site\/?post_type=product&#038;p=2029"},"modified":"2026-01-26T19:44:38","modified_gmt":"2026-01-26T22:44:38","slug":"router-inalambrico-tp-link-tl-wr840n","status":"publish","type":"product","link":"https:\/\/bonomosistemas.com.ar\/site\/producto\/router-inalambrico-tp-link-tl-wr840n\/","title":{"rendered":"Router Inal\u00e1mbrico TP-Link TL-WR840N"},"content":{"rendered":"<p><strong>INAL\u00c1MBRICO<\/strong><\/p>\n<ul>\n<li><strong>Est\u00e1ndares:<\/strong> IEEE 802.11n\/b\/g 2.4 GHz<\/li>\n<li><strong>Velocidad WiFi:<\/strong> 2.4 GHz: 300 Mbps (802.11n)<\/li>\n<li><strong>Rango WiFi:<\/strong> 2 \u00d7 Antenas Fijas<\/li>\n<li><strong>Modos de trabajo:<\/strong>\n<ul>\n<li>Router Mode<\/li>\n<li>Access Point Mode<\/li>\n<li>Range Extender Mode<\/li>\n<li>WISP Mode<\/li>\n<\/ul>\n<\/li>\n<\/ul>\n<p><strong>HARDWARE<\/strong><\/p>\n<ul>\n<li><strong>Procesador:<\/strong> Single-Core CPU<\/li>\n<li><strong>Puertos ethernet:<\/strong>\n<ul>\n<li>1\u00d7 10\/100 Mbps WAN Port<\/li>\n<li>4\u00d7 10\/100 Mbps LAN Ports<\/li>\n<\/ul>\n<\/li>\n<li><strong>Botones:<\/strong> Reset Button<\/li>\n<li><strong>Energ\u00eda:<\/strong> 9 V \u2393 0.6 A<\/li>\n<\/ul>\n<p><strong>SEGURIDAD<\/strong><\/p>\n<ul>\n<li><strong>Cifrado WiFi:<\/strong>\n<ul>\n<li>\u00a0WEP<\/li>\n<li>WPA<\/li>\n<li>WPA2<\/li>\n<li>WPA\/WPA2-Enterprise (802.1x)<\/li>\n<\/ul>\n<\/li>\n<li><strong>Seguridad de la red:<\/strong>\n<ul>\n<li>SPI Firewall<\/li>\n<li>Access Control<\/li>\n<li>IP &amp; MAC Binding<\/li>\n<li>Application Layer Gateway<\/li>\n<\/ul>\n<\/li>\n<li><strong>Red de invitados:<\/strong> 1\u00d7 2.4 GHz Guest Network<\/li>\n<\/ul>\n<p><strong>SOFTWARE<\/strong><\/p>\n<ul>\n<li><strong>Protocolos:<\/strong> IPv4 \/ IPv6<\/li>\n<li><strong>Controles parentales:<\/strong>\n<ul>\n<li>URL Filtering<\/li>\n<li>Time Controls<\/li>\n<\/ul>\n<\/li>\n<li><strong>Tipos de WAN:<\/strong>\n<ul>\n<li>Dynamic IP<\/li>\n<li>Static IP<\/li>\n<li>PPPoE<\/li>\n<li>PPTP<\/li>\n<li>L2TP<\/li>\n<\/ul>\n<\/li>\n<li><strong>Calidad de servicio:<\/strong>\n<ul>\n<li>QoS by Device<\/li>\n<\/ul>\n<\/li>\n<li><strong>NAT Forwarding:<\/strong>\n<ul>\n<li>Port Forwarding<\/li>\n<li>Port Triggering<\/li>\n<li>DMZ<\/li>\n<li>UPnP<\/li>\n<\/ul>\n<\/li>\n<li><strong>IPTV:<\/strong>\n<ul>\n<li>IGMP Proxy<\/li>\n<li>IGMP Snooping<\/li>\n<\/ul>\n<\/li>\n<li><strong>DHCP:<\/strong>\n<ul>\n<li>Address Reservation<\/li>\n<li>DHCP Client List<\/li>\n<li>Server<\/li>\n<\/ul>\n<\/li>\n<li><strong>DDNS:<\/strong>\n<ul>\n<li>NO-IP<\/li>\n<li>Comex<\/li>\n<li>DynDNS<\/li>\n<\/ul>\n<\/li>\n<li><strong>Gesti\u00f3n:<\/strong>\n<ul>\n<li>Tether App<\/li>\n<li>Webpage<\/li>\n<\/ul>\n<\/li>\n<\/ul>\n<p><strong>FISICO<\/strong><\/p>\n<ul>\n<li><strong>Dimensiones (Al x An x Pr):<\/strong> 7.2 \u00d7 5.0 \u00d7 1.4 in (182 \u00d7 128 \u00d7 35 mm)<\/li>\n<\/ul>\n","protected":false},"excerpt":{"rendered":"<ul>\n<li>Velocidad de transmisi\u00f3n inal\u00e1mbrica de 300Mbps ideal para tareas sensibles al ancho de banda y trabajo b\u00e1sico<\/li>\n<li>Admite 4 modos: enrutador, extensor de rango, punto de acceso y modos WISP<\/li>\n<li>Los controles parentales administran cu\u00e1ndo y c\u00f3mo los dispositivos conectados pueden acceder a Internet<\/li>\n<li>IPTV admite IGMP Proxy \/ Snooping, Bridge y Tag VLAN para optimizar la transmisi\u00f3n de IPTV<\/li>\n<li>compatible con IPv6 (Protocolo de Internet versi\u00f3n 6)<\/li>\n<li>Guest Network proporciona acceso separado para invitados mientras asegura la red dom\u00e9stica<\/li>\n<\/ul>\n","protected":false},"featured_media":2030,"comment_status":"closed","ping_status":"closed","template":"","meta":{"_et_pb_use_builder":"","_et_pb_old_content":"","_et_gb_content_width":""},"product_brand":[],"product_cat":[48],"product_tag":[181,182,187],"class_list":{"0":"post-2029","1":"product","2":"type-product","3":"status-publish","4":"has-post-thumbnail","6":"product_cat-routers-y-repetidores","7":"product_tag-router","8":"product_tag-tp-link","9":"product_tag-wifi","11":"first","12":"instock","13":"shipping-taxable","14":"purchasable","15":"product-type-simple"},"_links":{"self":[{"href":"https:\/\/bonomosistemas.com.ar\/site\/wp-json\/wp\/v2\/product\/2029","targetHints":{"allow":["GET"]}}],"collection":[{"href":"https:\/\/bonomosistemas.com.ar\/site\/wp-json\/wp\/v2\/product"}],"about":[{"href":"https:\/\/bonomosistemas.com.ar\/site\/wp-json\/wp\/v2\/types\/product"}],"replies":[{"embeddable":true,"href":"https:\/\/bonomosistemas.com.ar\/site\/wp-json\/wp\/v2\/comments?post=2029"}],"wp:featuredmedia":[{"embeddable":true,"href":"https:\/\/bonomosistemas.com.ar\/site\/wp-json\/wp\/v2\/media\/2030"}],"wp:attachment":[{"href":"https:\/\/bonomosistemas.com.ar\/site\/wp-json\/wp\/v2\/media?parent=2029"}],"wp:term":[{"taxonomy":"product_brand","embeddable":true,"href":"https:\/\/bonomosistemas.com.ar\/site\/wp-json\/wp\/v2\/product_brand?post=2029"},{"taxonomy":"product_cat","embeddable":true,"href":"https:\/\/bonomosistemas.com.ar\/site\/wp-json\/wp\/v2\/product_cat?post=2029"},{"taxonomy":"product_tag","embeddable":true,"href":"https:\/\/bonomosistemas.com.ar\/site\/wp-json\/wp\/v2\/product_tag?post=2029"}],"curies":[{"name":"wp","href":"https:\/\/api.w.org\/{rel}","templated":true}]}}