{"id":2541,"date":"2023-06-19T14:34:28","date_gmt":"2023-06-19T17:34:28","guid":{"rendered":"https:\/\/bonomosistemas.com.ar\/site\/?post_type=product&#038;p=2541"},"modified":"2026-03-06T14:30:51","modified_gmt":"2026-03-06T17:30:51","slug":"impresora-laser-monocromatica-xerox-phaser-3020","status":"publish","type":"product","link":"https:\/\/bonomosistemas.com.ar\/site\/producto\/impresora-laser-monocromatica-xerox-phaser-3020\/","title":{"rendered":"Impresora L\u00e1ser Monocrom\u00e1tica Xerox Phaser 3020"},"content":{"rendered":"<ul>\n<li><strong>Modelo:<\/strong> 3020\/BI<\/li>\n<li><strong>Velocidad de impresi\u00f3n:<\/strong> hasta 21 ppm<\/li>\n<li><strong>Ciclo de operaci\u00f3n:<\/strong> Hasta 15.000 im\u00e1genes\/mes<\/li>\n<li><strong>Velocidad de procesador:<\/strong> 600 MHz<\/li>\n<li><strong>Memoria de impresi\u00f3n (est\u00e1ndar):<\/strong> 128 MB est\u00e1ndar<\/li>\n<li><strong>Conectividad:<\/strong> USB 2.0 de alta velocidad, Wi-Fi b\/g\/n<\/li>\n<li><strong>M\u00e1xima resoluci\u00f3n de impresi\u00f3n:<\/strong> 600 x 600 ppp (con calidad de imagen mejorada de hasta 1200 x 1200)<\/li>\n<li><strong>Impresi\u00f3n de la primera p\u00e1gina, impresi\u00f3n:<\/strong> Tan r\u00e1pido como 8,5 segundos<\/li>\n<li><strong>Lenguajes de descripci\u00f3n de p\u00e1gina (PDL):<\/strong> GDI<\/li>\n<li><strong>Caracter\u00edsticas de impresi\u00f3n:<\/strong> Controlador bidireccional, Impresi\u00f3n de folletos, Ajuste de brillo, Ajuste de contraste, Tama\u00f1o de p\u00e1gina personalizado, Acentuaci\u00f3n de bordes, Ajuste de p\u00e1gina, Monitoreo de trabajo, N-arriba, Selecci\u00f3n de papel por atributo, Impresi\u00f3n de p\u00f3ster, Orden de impresi\u00f3n, Reducci\u00f3n \/ Ampliaci\u00f3n, Escala, Salto de p\u00e1ginas en blanco, Almacene y recupere configuraciones de controlador, Modo Ahorro de t\u00f3ner, Marcas de agua<\/li>\n<li><strong>Impresi\u00f3n m\u00f3vil:<\/strong> Apple\u00ae AirPrint&#x2122;<\/li>\n<li><strong>Salida doble cara:<\/strong> Manual<\/li>\n<li><strong>Compatibilidad OS:<\/strong> Debian 5.0-7.1, Fedora 11-19, Mac OS\u00ae 10.5-10.9, Mint 13-15, Red Hat Enterprise Linux 5, 6, SUSE Linux Enterprise Desktop 10, 11, Ubuntu 10.04-13.04, Windows Server 2012, Windows\u00ae 2003 Server, Windows\u00ae 2008 Server, Windows\u00ae 7, Windows\u00ae 8, Windows\u00ae Vista, Windows\u00ae XP, openSUSE 11.0-12.3<\/li>\n<li><strong>Capacidad de papel:<\/strong>\n<ul>\n<li>Bandeja (Bandeja principal): 150 hojas<\/li>\n<li>Bandeja (Ranura para alimentaci\u00f3n manual): 1 hojas<\/li>\n<\/ul>\n<\/li>\n<li><strong>Tama\u00f1o de papel:<\/strong>\n<ul>\n<li>Bandeja (Bandeja principal): Tama\u00f1os personalizados: 3 x 5 in. to 8.5 x 14 in.<\/li>\n<li>Bandeja (Ranura para alimentaci\u00f3n manual): Tama\u00f1os personalizados: 3 x 5 in. to 8.5 x 14 in.<\/li>\n<\/ul>\n<\/li>\n<li><strong>Capacidad de salida:<\/strong> 100 hojas<\/li>\n<li><strong>Funciones de seguridad:<\/strong> IPSec, IPv4, IPv6, Filtrado de direcci\u00f3n MAC, SNMPv3, Desactivaci\u00f3n de puerto USB, WPA2 Personal<\/li>\n<li><strong>Consumo de energ\u00eda:<\/strong>\n<ul>\n<li>Funcionamiento: 313 W<\/li>\n<li>Pendiente: 37 W<\/li>\n<li>Ahorro de energ\u00eda: 2,3 W<\/li>\n<\/ul>\n<\/li>\n<li><strong>Dimensiones m\u00ednimas (ancho x profundidad x alto):<\/strong> 13,1 x 8,5 x 7,4 in.<\/li>\n<\/ul>\n","protected":false},"excerpt":{"rendered":"<div class=\"xrx-fw-product-hero__headings\">\n<div>\n<h4>Impresora l\u00e1ser blanco y negro<\/h4>\n<\/div>\n<\/div>\n<div class=\"xrx-fw-product-hero__blurb\">\n<ul class=\"xrx-fw-product-hero__bullets\">\n<li>Conectividad Wi-fi integrada<\/li>\n<li>Maneja tareas cotidianas de impresi\u00f3n de uso individual y de grupos de trabajo peque\u00f1os<\/li>\n<li>Calidad de imagen mejorada de 600 x 600 ppp; 1200 x 1200 ppp<\/li>\n<\/ul>\n<\/div>\n","protected":false},"featured_media":2542,"comment_status":"closed","ping_status":"closed","template":"","meta":{"_et_pb_use_builder":"","_et_pb_old_content":"","_et_gb_content_width":""},"product_brand":[],"product_cat":[55],"product_tag":[219,228,327],"class_list":{"0":"post-2541","1":"product","2":"type-product","3":"status-publish","4":"has-post-thumbnail","6":"product_cat-laser","7":"product_tag-impresora","8":"product_tag-laser","9":"product_tag-xerox","11":"first","12":"instock","13":"sale","14":"shipping-taxable","15":"purchasable","16":"product-type-simple"},"_links":{"self":[{"href":"https:\/\/bonomosistemas.com.ar\/site\/wp-json\/wp\/v2\/product\/2541","targetHints":{"allow":["GET"]}}],"collection":[{"href":"https:\/\/bonomosistemas.com.ar\/site\/wp-json\/wp\/v2\/product"}],"about":[{"href":"https:\/\/bonomosistemas.com.ar\/site\/wp-json\/wp\/v2\/types\/product"}],"replies":[{"embeddable":true,"href":"https:\/\/bonomosistemas.com.ar\/site\/wp-json\/wp\/v2\/comments?post=2541"}],"wp:featuredmedia":[{"embeddable":true,"href":"https:\/\/bonomosistemas.com.ar\/site\/wp-json\/wp\/v2\/media\/2542"}],"wp:attachment":[{"href":"https:\/\/bonomosistemas.com.ar\/site\/wp-json\/wp\/v2\/media?parent=2541"}],"wp:term":[{"taxonomy":"product_brand","embeddable":true,"href":"https:\/\/bonomosistemas.com.ar\/site\/wp-json\/wp\/v2\/product_brand?post=2541"},{"taxonomy":"product_cat","embeddable":true,"href":"https:\/\/bonomosistemas.com.ar\/site\/wp-json\/wp\/v2\/product_cat?post=2541"},{"taxonomy":"product_tag","embeddable":true,"href":"https:\/\/bonomosistemas.com.ar\/site\/wp-json\/wp\/v2\/product_tag?post=2541"}],"curies":[{"name":"wp","href":"https:\/\/api.w.org\/{rel}","templated":true}]}}