{"id":2546,"date":"2023-07-02T13:33:13","date_gmt":"2023-07-02T16:33:13","guid":{"rendered":"https:\/\/bonomosistemas.com.ar\/site\/?post_type=product&#038;p=2546"},"modified":"2026-03-06T14:18:48","modified_gmt":"2026-03-06T17:18:48","slug":"mouse-gx-gaming-scorpion-m8-610","status":"publish","type":"product","link":"https:\/\/bonomosistemas.com.ar\/site\/producto\/mouse-gx-gaming-scorpion-m8-610\/","title":{"rendered":"Mouse GX Gaming Scorpion M8-610"},"content":{"rendered":"<ul>\n<li><strong>Interfaz:<\/strong> USB<\/li>\n<li><strong>Sensor:<\/strong> Laser<\/li>\n<li><strong>Resoluci\u00f3n (DPI):<\/strong> 800 &#8211; 8200<\/li>\n<li><strong>Cantidad de botones:<\/strong> 6<\/li>\n<li><strong>Frame Rate:<\/strong> 6500FPS<\/li>\n<li><strong>Aceleraci\u00f3n:<\/strong> 30Gs<\/li>\n<li><strong>Velocidad:<\/strong> 150IPS<\/li>\n<li><strong>Longitud del cable:<\/strong> 1.8m<\/li>\n<li><strong>Peso:<\/strong> Aprox 152g<\/li>\n<li><strong>Dimensiones:<\/strong> 65.6 x 123 x 39 mm<\/li>\n<li><strong>Color:<\/strong> Negro<\/li>\n<\/ul>\n","protected":false},"excerpt":{"rendered":"<ul>\n<li><strong>Precisi\u00f3n inigualable:<\/strong> Potente unidad de sensor l\u00e1ser incorporada, que le permitir\u00e1 jugar en la mayor\u00eda de las superficies, como vidrio biselado o<br \/>\nescritorios. El M8-610 tiene una sensibilidad superior para mejorar el resultado de sus juegos sin importar d\u00f3nde est\u00e9.<\/li>\n<li><strong>Comodidad absoluta:<\/strong> El dise\u00f1o sim\u00e9trico del M8-610 es ideal para cualquier mano. Se adapta a cualquier tama\u00f1o de mano para asegurar una postura natural. Una recubrimiento de goma de alta calidad le da control total, y es muy c\u00f3modo de usar durante sesiones prolongadas de gaming.<\/li>\n<li><strong>Cambio de DPI instant\u00e1neo durante gaming:<\/strong> Podr\u00e1 definir los cinco niveles de DPI (800-2400-4800-6400-8200) con el bot\u00f3n de control de DPI sin interrumpir el juego. Con solo presionar un bot\u00f3n podr\u00e1 cambiar entre niveles de DPI.<\/li>\n<li><strong>Podr\u00e1 personalizar los ajustes de 6 botones:<\/strong> Podr\u00e1 asignar seis botones programables para un comando \u00fanico o m\u00faltiple con memoria para 24 teclas macro, para mejorar sensiblemente sus juegos.<\/li>\n<li><strong>Aplicaci\u00f3n Smart Genius activada:<\/strong> Personaliza los botones con el arma del juego y ajusta el rendimiento y la iluminaci\u00f3n para mejorar la jugabilidad. La configuraci\u00f3n del perfil de varias aplicaciones de juego se puede activar autom\u00e1ticamente.<\/li>\n<\/ul>\n","protected":false},"featured_media":2547,"comment_status":"open","ping_status":"closed","template":"","meta":{"_et_pb_use_builder":"","_et_pb_old_content":"","_et_gb_content_width":""},"product_brand":[],"product_cat":[322,411,82],"product_tag":[156,266,147],"class_list":{"0":"post-2546","1":"product","2":"type-product","3":"status-publish","4":"has-post-thumbnail","6":"product_cat-destacados-gamer","7":"product_cat-dia-del-nino","8":"product_cat-mouse","9":"product_tag-gamer","10":"product_tag-gx","11":"product_tag-mouse","13":"first","14":"instock","15":"sale","16":"shipping-taxable","17":"purchasable","18":"product-type-simple"},"_links":{"self":[{"href":"https:\/\/bonomosistemas.com.ar\/site\/wp-json\/wp\/v2\/product\/2546","targetHints":{"allow":["GET"]}}],"collection":[{"href":"https:\/\/bonomosistemas.com.ar\/site\/wp-json\/wp\/v2\/product"}],"about":[{"href":"https:\/\/bonomosistemas.com.ar\/site\/wp-json\/wp\/v2\/types\/product"}],"replies":[{"embeddable":true,"href":"https:\/\/bonomosistemas.com.ar\/site\/wp-json\/wp\/v2\/comments?post=2546"}],"wp:featuredmedia":[{"embeddable":true,"href":"https:\/\/bonomosistemas.com.ar\/site\/wp-json\/wp\/v2\/media\/2547"}],"wp:attachment":[{"href":"https:\/\/bonomosistemas.com.ar\/site\/wp-json\/wp\/v2\/media?parent=2546"}],"wp:term":[{"taxonomy":"product_brand","embeddable":true,"href":"https:\/\/bonomosistemas.com.ar\/site\/wp-json\/wp\/v2\/product_brand?post=2546"},{"taxonomy":"product_cat","embeddable":true,"href":"https:\/\/bonomosistemas.com.ar\/site\/wp-json\/wp\/v2\/product_cat?post=2546"},{"taxonomy":"product_tag","embeddable":true,"href":"https:\/\/bonomosistemas.com.ar\/site\/wp-json\/wp\/v2\/product_tag?post=2546"}],"curies":[{"name":"wp","href":"https:\/\/api.w.org\/{rel}","templated":true}]}}