{"id":2728,"date":"2024-01-07T13:35:55","date_gmt":"2024-01-07T16:35:55","guid":{"rendered":"https:\/\/bonomosistemas.com.ar\/site\/?post_type=product&#038;p=2728"},"modified":"2026-03-06T14:26:51","modified_gmt":"2026-03-06T17:26:51","slug":"notebook-hp-240-g8","status":"publish","type":"product","link":"https:\/\/bonomosistemas.com.ar\/site\/producto\/notebook-hp-240-g8\/","title":{"rendered":"Notebook HP 240 G8 (Core I5 \/ 8GB \/ SSD 512GB)"},"content":{"rendered":"<ul>\n<li>Modelo: HP 240 G8<\/li>\n<li>Procesador: Intel Core I5 1135 G7<\/li>\n<li>Memoria: 8GB<\/li>\n<li>Almacenamiento: SSD 512GB<\/li>\n<li>Pantalla: 14&#8243; Full HD<\/li>\n<li>Gr\u00e1ficos: Intel Iris Xe (Integrados)<\/li>\n<li>Intel Wi-Fi 6 AX201 (2&#215;2) y Bluetooth 5.2, sin vPro\u00ae<\/li>\n<li>Conectividad:\n<ul>\n<li>2 USB (5Gbps)<\/li>\n<li>1 USB Tipo C (5Gbps)<\/li>\n<li>1 HDMI 1.4b<\/li>\n<li>1 RJ45<\/li>\n<li>1 Jack Combo 3.5mm Micr\u00f3fono \/ Auricular<\/li>\n<\/ul>\n<\/li>\n<\/ul>\n","protected":false},"excerpt":{"rendered":"<h4>Dise\u00f1o hermoso y ligero<\/h4>\n<p>La laptop HP 240 sigue el ritmo de estilos de trabajo m\u00f3viles gracias a un dise\u00f1o delgado y ligero. La hermosa pantalla con su angosto borde y relaci\u00f3n de pantalla y cuerpo grande brinda amplio espacio para trabajar o reproducir contenido.<\/p>\n<h4>Dise\u00f1ada para trabajar y lista para la diversi\u00f3n<\/h4>\n<p>Complete proyectos con seguridad gracias a la tecnolog\u00eda m\u00e1s reciente, que incluye un potente procesador Intel, memoria y almacenamiento.<\/p>\n<h4>Conexi\u00f3n excepcional<\/h4>\n<p>Esta laptop est\u00e1 lista para conectarse a todos sus perif\u00e9ricos y se dise\u00f1\u00f3 para satisfacer las necesidades empresariales con un puerto de datos USB Type-C\u00ae, un puerto RJ-45 y un puerto HDMI.<\/p>\n","protected":false},"featured_media":2729,"comment_status":"closed","ping_status":"closed","template":"","meta":{"_et_pb_use_builder":"","_et_pb_old_content":"","_et_gb_content_width":""},"product_brand":[],"product_cat":[50,411],"product_tag":[178,202],"class_list":{"0":"post-2728","1":"product","2":"type-product","3":"status-publish","4":"has-post-thumbnail","6":"product_cat-notebooks-y-tablets","7":"product_cat-dia-del-nino","8":"product_tag-hp","9":"product_tag-notebook","11":"first","12":"instock","13":"sale","14":"shipping-taxable","15":"purchasable","16":"product-type-simple"},"_links":{"self":[{"href":"https:\/\/bonomosistemas.com.ar\/site\/wp-json\/wp\/v2\/product\/2728","targetHints":{"allow":["GET"]}}],"collection":[{"href":"https:\/\/bonomosistemas.com.ar\/site\/wp-json\/wp\/v2\/product"}],"about":[{"href":"https:\/\/bonomosistemas.com.ar\/site\/wp-json\/wp\/v2\/types\/product"}],"replies":[{"embeddable":true,"href":"https:\/\/bonomosistemas.com.ar\/site\/wp-json\/wp\/v2\/comments?post=2728"}],"wp:featuredmedia":[{"embeddable":true,"href":"https:\/\/bonomosistemas.com.ar\/site\/wp-json\/wp\/v2\/media\/2729"}],"wp:attachment":[{"href":"https:\/\/bonomosistemas.com.ar\/site\/wp-json\/wp\/v2\/media?parent=2728"}],"wp:term":[{"taxonomy":"product_brand","embeddable":true,"href":"https:\/\/bonomosistemas.com.ar\/site\/wp-json\/wp\/v2\/product_brand?post=2728"},{"taxonomy":"product_cat","embeddable":true,"href":"https:\/\/bonomosistemas.com.ar\/site\/wp-json\/wp\/v2\/product_cat?post=2728"},{"taxonomy":"product_tag","embeddable":true,"href":"https:\/\/bonomosistemas.com.ar\/site\/wp-json\/wp\/v2\/product_tag?post=2728"}],"curies":[{"name":"wp","href":"https:\/\/api.w.org\/{rel}","templated":true}]}}