{"id":2737,"date":"2024-01-07T14:11:57","date_gmt":"2024-01-07T17:11:57","guid":{"rendered":"https:\/\/bonomosistemas.com.ar\/site\/?post_type=product&#038;p=2737"},"modified":"2026-03-06T14:27:14","modified_gmt":"2026-03-06T17:27:14","slug":"notebook-hp-240-g9-core-i3-8gb-ssd-512gb","status":"publish","type":"product","link":"https:\/\/bonomosistemas.com.ar\/site\/producto\/notebook-hp-240-g9-core-i3-8gb-ssd-512gb\/","title":{"rendered":"Notebook HP 240 G9 (Core I3 \/ 8GB \/ SSD 512GB)"},"content":{"rendered":"<ul>\n<li>Modelo: HP 240 G9<\/li>\n<li>Procesador: Intel Core I3 1215U<\/li>\n<li>Memoria: 8GB<\/li>\n<li>Almacenamiento: SSD 512GB<\/li>\n<li>Pantalla: 14&#8243; Full HD<\/li>\n<li>Gr\u00e1ficos: Intel UHD (Integrados)<\/li>\n<li>Realtek Wi-Fi RTL8822CE 802.11a\/b\/g\/n\/ac (2&#215;2) y tarjeta inal\u00e1mbrica con Bluetooth 5.<\/li>\n<li>Conectividad:\n<ul>\n<li>2 USB (5Gbps)<\/li>\n<li>1 USB Tipo C (5Gbps)<\/li>\n<li>1 HDMI 1.4b<\/li>\n<li>1 RJ45<\/li>\n<li>1 Jack Combo 3.5mm Micr\u00f3fono \/ Auricular<\/li>\n<\/ul>\n<\/li>\n<\/ul>\n","protected":false},"excerpt":{"rendered":"<p>La laptop HP 240 G9 brinda funciones esenciales listas para las empresas en un dise\u00f1o compacto y ligero que es f\u00e1cil de llevar a donde sea que vaya. La pantalla de 14 pulgadas en diagonal con gran relaci\u00f3n pantalla y cuerpo, potente procesador Intel, memoria r\u00e1pida y almacenamiento est\u00e1 desarrollada para lograr productividad, mientras que los puertos incluidos conectan sus perif\u00e9ricos, todo a un precio econ\u00f3mico.<\/p>\n","protected":false},"featured_media":2733,"comment_status":"closed","ping_status":"closed","template":"","meta":{"_et_pb_use_builder":"","_et_pb_old_content":"","_et_gb_content_width":""},"product_brand":[],"product_cat":[50,411],"product_tag":[178,202],"class_list":{"0":"post-2737","1":"product","2":"type-product","3":"status-publish","4":"has-post-thumbnail","6":"product_cat-notebooks-y-tablets","7":"product_cat-dia-del-nino","8":"product_tag-hp","9":"product_tag-notebook","11":"first","12":"instock","13":"sale","14":"shipping-taxable","15":"purchasable","16":"product-type-simple"},"_links":{"self":[{"href":"https:\/\/bonomosistemas.com.ar\/site\/wp-json\/wp\/v2\/product\/2737","targetHints":{"allow":["GET"]}}],"collection":[{"href":"https:\/\/bonomosistemas.com.ar\/site\/wp-json\/wp\/v2\/product"}],"about":[{"href":"https:\/\/bonomosistemas.com.ar\/site\/wp-json\/wp\/v2\/types\/product"}],"replies":[{"embeddable":true,"href":"https:\/\/bonomosistemas.com.ar\/site\/wp-json\/wp\/v2\/comments?post=2737"}],"wp:featuredmedia":[{"embeddable":true,"href":"https:\/\/bonomosistemas.com.ar\/site\/wp-json\/wp\/v2\/media\/2733"}],"wp:attachment":[{"href":"https:\/\/bonomosistemas.com.ar\/site\/wp-json\/wp\/v2\/media?parent=2737"}],"wp:term":[{"taxonomy":"product_brand","embeddable":true,"href":"https:\/\/bonomosistemas.com.ar\/site\/wp-json\/wp\/v2\/product_brand?post=2737"},{"taxonomy":"product_cat","embeddable":true,"href":"https:\/\/bonomosistemas.com.ar\/site\/wp-json\/wp\/v2\/product_cat?post=2737"},{"taxonomy":"product_tag","embeddable":true,"href":"https:\/\/bonomosistemas.com.ar\/site\/wp-json\/wp\/v2\/product_tag?post=2737"}],"curies":[{"name":"wp","href":"https:\/\/api.w.org\/{rel}","templated":true}]}}