{"id":2825,"date":"2024-03-19T23:06:17","date_gmt":"2024-03-20T02:06:17","guid":{"rendered":"https:\/\/bonomosistemas.com.ar\/site\/?post_type=product&#038;p=2825"},"modified":"2026-01-26T19:31:10","modified_gmt":"2026-01-26T22:31:10","slug":"teclado-genius-kb-118-ii","status":"publish","type":"product","link":"https:\/\/bonomosistemas.com.ar\/site\/producto\/teclado-genius-kb-118-ii\/","title":{"rendered":"Teclado Genius KB-118 II"},"content":{"rendered":"<ul>\n<li><strong>Interfaz:<\/strong> USB<\/li>\n<li><strong>Tipo de teclas:<\/strong> C\u00f3ncavas<\/li>\n<li><strong>Teclas de funci\u00f3n<\/strong>: No<\/li>\n<li><strong>Teclas multimedia:<\/strong> No<\/li>\n<li><strong>Longitud del cable (m):<\/strong> 1.4 m<\/li>\n<li><strong>Peso (g):<\/strong> Aprox. 466.5 g<\/li>\n<li><strong>Dimensiones (A x A x P) mm (pulgadas):<\/strong> 461,5 x 167,45 x 26 mm (18,17 x 6,59 x 1,02 pulgadas)<\/li>\n<li><strong>Requisitos del sistema:<\/strong> Windows 7, 8, 8.1, 10 \/ Mac OS X 10.8 o posterior<\/li>\n<li><strong>Color:<\/strong> Negro<\/li>\n<\/ul>\n","protected":false},"excerpt":{"rendered":"<p>Teclas c\u00f3modas y silenciosas de perfil bajo permiten una experiencia de escritura r\u00e1pida y fluida. Teclado de tama\u00f1o completo est\u00e1ndar, excelente para su uso diario. Estructura de teclado fuerte con impresi\u00f3n tallada con l\u00e1ser en las teclas.<\/p>\n","protected":false},"featured_media":2826,"comment_status":"closed","ping_status":"closed","template":"","meta":{"_et_pb_use_builder":"","_et_pb_old_content":"","_et_gb_content_width":""},"product_brand":[],"product_cat":[84],"product_tag":[136,175,365],"class_list":{"0":"post-2825","1":"product","2":"type-product","3":"status-publish","4":"has-post-thumbnail","6":"product_cat-teclados","7":"product_tag-genius","8":"product_tag-teclado","9":"product_tag-teclados","11":"first","12":"instock","13":"shipping-taxable","14":"purchasable","15":"product-type-simple"},"_links":{"self":[{"href":"https:\/\/bonomosistemas.com.ar\/site\/wp-json\/wp\/v2\/product\/2825","targetHints":{"allow":["GET"]}}],"collection":[{"href":"https:\/\/bonomosistemas.com.ar\/site\/wp-json\/wp\/v2\/product"}],"about":[{"href":"https:\/\/bonomosistemas.com.ar\/site\/wp-json\/wp\/v2\/types\/product"}],"replies":[{"embeddable":true,"href":"https:\/\/bonomosistemas.com.ar\/site\/wp-json\/wp\/v2\/comments?post=2825"}],"wp:featuredmedia":[{"embeddable":true,"href":"https:\/\/bonomosistemas.com.ar\/site\/wp-json\/wp\/v2\/media\/2826"}],"wp:attachment":[{"href":"https:\/\/bonomosistemas.com.ar\/site\/wp-json\/wp\/v2\/media?parent=2825"}],"wp:term":[{"taxonomy":"product_brand","embeddable":true,"href":"https:\/\/bonomosistemas.com.ar\/site\/wp-json\/wp\/v2\/product_brand?post=2825"},{"taxonomy":"product_cat","embeddable":true,"href":"https:\/\/bonomosistemas.com.ar\/site\/wp-json\/wp\/v2\/product_cat?post=2825"},{"taxonomy":"product_tag","embeddable":true,"href":"https:\/\/bonomosistemas.com.ar\/site\/wp-json\/wp\/v2\/product_tag?post=2825"}],"curies":[{"name":"wp","href":"https:\/\/api.w.org\/{rel}","templated":true}]}}