{"id":2914,"date":"2024-06-26T19:56:02","date_gmt":"2024-06-26T22:56:02","guid":{"rendered":"https:\/\/bonomosistemas.com.ar\/site\/?post_type=product&#038;p=2914"},"modified":"2026-01-26T19:49:13","modified_gmt":"2026-01-26T22:49:13","slug":"switch-5-puertos-10-100mbps-tp-link-tl-sf1005d","status":"publish","type":"product","link":"https:\/\/bonomosistemas.com.ar\/site\/producto\/switch-5-puertos-10-100mbps-tp-link-tl-sf1005d\/","title":{"rendered":"Switch 5 Puertos 10\/100Mbps TP-Link TL-SF1005D"},"content":{"rendered":"<ul>\n<li><strong>CARACTER\u00cdSTICAS DE HARDWARE<\/strong>\n<ul>\n<li><strong>Interfaz:<\/strong> 5 Puertos 10\/100Mbps, negociaci\u00f3n autom\u00e1tica, Auto-MDI\/MDIX<\/li>\n<li><strong>Cantidad de Ventiladores:<\/strong> Sin ventilador<\/li>\n<li><strong>Fuente de Alimentaci\u00f3n:<\/strong> Adaptador de corriente externo (salida: 5.0VDC\/0.6A)<\/li>\n<li><strong>Dimensiones(An x Pr x Al):<\/strong> 103.5 x 70 x 22 mm<\/li>\n<li><b>Consumo M\u00e1ximo de Energ\u00eda:<\/b> 1.87 W(220V\/50Hz)<\/li>\n<li><strong>Disipaci\u00f3n m\u00e1xima de calor:<\/strong> 6.38 BTU\/h<\/li>\n<\/ul>\n<\/li>\n<li><strong>CARACTER\u00cdSTICAS DE SOFTWARE<\/strong>\n<ul>\n<li><strong>Caracter\u00edsticas Avanzadas: <\/strong>\n<ul>\n<li>Tecnolog\u00eda ecol\u00f3gica, ahorro de energ\u00eda hasta un 60%<\/li>\n<li>802.3X control de flujo<\/li>\n<\/ul>\n<\/li>\n<li><strong>M\u00e9todo de Transferencia:<\/strong> Almacenamiento y env\u00edo<\/li>\n<\/ul>\n<\/li>\n<\/ul>\n","protected":false},"excerpt":{"rendered":"<div class=\"box title\">\n<div class=\"box title\">\n<p><strong>Switch de sobremesa con 5 puertos a 10\/100 Mbps<\/strong><\/p>\n<\/div>\n<div class=\"box highlights\">\n<ul>\n<li>5 puertos RJ45 a 10\/100 Mbps con detecci\u00f3n autom\u00e1tica de velocidad, soporte para MDI\/MDIX autom\u00e1tico<\/li>\n<li>Tecnolog\u00eda de ahorro de energ\u00eda para Ethernet que reduce el consumo hasta un 60%<\/li>\n<li>El control de flujo IEEE 802.3x permite una transmisi\u00f3n fiable de datos<\/li>\n<li>Carcasa de pl\u00e1stico, dise\u00f1o de sobremesa<\/li>\n<li>Plug and Play, sin ninguna configuraci\u00f3n adicional<\/li>\n<\/ul>\n<\/div>\n<\/div>\n","protected":false},"featured_media":2915,"comment_status":"closed","ping_status":"closed","template":"","meta":{"_et_pb_use_builder":"","_et_pb_old_content":"","_et_gb_content_width":""},"product_brand":[],"product_cat":[49],"product_tag":[271,272,241,270,182],"class_list":{"0":"post-2914","1":"product","2":"type-product","3":"status-publish","4":"has-post-thumbnail","6":"product_cat-switches","7":"product_tag-network","8":"product_tag-networking","9":"product_tag-redes","10":"product_tag-switch","11":"product_tag-tp-link","13":"first","14":"instock","15":"shipping-taxable","16":"purchasable","17":"product-type-simple"},"_links":{"self":[{"href":"https:\/\/bonomosistemas.com.ar\/site\/wp-json\/wp\/v2\/product\/2914","targetHints":{"allow":["GET"]}}],"collection":[{"href":"https:\/\/bonomosistemas.com.ar\/site\/wp-json\/wp\/v2\/product"}],"about":[{"href":"https:\/\/bonomosistemas.com.ar\/site\/wp-json\/wp\/v2\/types\/product"}],"replies":[{"embeddable":true,"href":"https:\/\/bonomosistemas.com.ar\/site\/wp-json\/wp\/v2\/comments?post=2914"}],"wp:featuredmedia":[{"embeddable":true,"href":"https:\/\/bonomosistemas.com.ar\/site\/wp-json\/wp\/v2\/media\/2915"}],"wp:attachment":[{"href":"https:\/\/bonomosistemas.com.ar\/site\/wp-json\/wp\/v2\/media?parent=2914"}],"wp:term":[{"taxonomy":"product_brand","embeddable":true,"href":"https:\/\/bonomosistemas.com.ar\/site\/wp-json\/wp\/v2\/product_brand?post=2914"},{"taxonomy":"product_cat","embeddable":true,"href":"https:\/\/bonomosistemas.com.ar\/site\/wp-json\/wp\/v2\/product_cat?post=2914"},{"taxonomy":"product_tag","embeddable":true,"href":"https:\/\/bonomosistemas.com.ar\/site\/wp-json\/wp\/v2\/product_tag?post=2914"}],"curies":[{"name":"wp","href":"https:\/\/api.w.org\/{rel}","templated":true}]}}