{"id":2918,"date":"2024-06-27T19:30:50","date_gmt":"2024-06-27T22:30:50","guid":{"rendered":"https:\/\/bonomosistemas.com.ar\/site\/?post_type=product&#038;p=2918"},"modified":"2026-03-06T14:19:53","modified_gmt":"2026-03-06T17:19:53","slug":"parlante-bluetooth-jbl-flip-6","status":"publish","type":"product","link":"https:\/\/bonomosistemas.com.ar\/site\/producto\/parlante-bluetooth-jbl-flip-6\/","title":{"rendered":"Parlante Bluetooth JBL Flip 6"},"content":{"rendered":"<h6><strong>CARACTERISTICAS GENERALES<\/strong><\/h6>\n<ul>\n<li><span class=\"spec-key\">Potencia de salida: <\/span><span class=\"spec-value\">30w<\/span><\/li>\n<li>\n<div class=\"spec-row\"><span class=\"spec-key\">Bluetooth: <\/span><span class=\"spec-value\">S\u00ed<\/span><\/div>\n<\/li>\n<li>\n<div class=\"spec-row\"><span class=\"spec-value\">Cable de carga: S\u00ed<\/span><\/div>\n<\/li>\n<li>\n<div class=\"spec-row\"><span class=\"spec-key\">JBL PartyBoost: <\/span><span class=\"spec-value\">S\u00ed<\/span><\/div>\n<\/li>\n<li>\n<div class=\"spec-row\"><span class=\"spec-key\">A prueba de agua: <\/span><span class=\"spec-value\">S\u00ed<\/span><\/div>\n<\/li>\n<li>\n<div class=\"spec-row\"><span class=\"spec-key\">Bater\u00eda recargable: <\/span><span class=\"spec-value\">S\u00ed<\/span><\/div>\n<\/li>\n<li>\n<div class=\"spec-row\"><span class=\"spec-key\">Certificaci\u00f3n IPX: <\/span><span class=\"spec-value\">IP67<\/span><\/div>\n<\/li>\n<\/ul>\n<h6><strong>CARACTERISTICAS DE AUDIO<\/strong><\/h6>\n<ul>\n<li><span class=\"spec-key\">Respuesta de frecuencia din\u00e1mica: <\/span><span class=\"spec-value\">63 Hz &#8211; 20k Hz<\/span><\/li>\n<\/ul>\n<h6><strong>MEDIDAS<\/strong><\/h6>\n<ul>\n<li>Dimensiones (cm): <span class=\"spec-value\" style=\"color: #666666;\">17.8 x 6.8 x 7.2<\/span><\/li>\n<li class=\"spec-row\"><span class=\"spec-key\">Peso (kgs): <\/span><span class=\"spec-value\">0.55<\/span><\/li>\n<\/ul>\n<h6><strong>CARACTERISTICAS DE CONTROL Y CONEXION<\/strong><\/h6>\n<ul>\n<li class=\"spec-row\"><span class=\"spec-key\">Perfiles Bluetooth: <\/span><span class=\"spec-value\">A2DP 1.3, AVRCP 1.6<\/span><\/li>\n<li class=\"spec-row\"><span class=\"spec-key\">Rango de frecuencia de transmisi\u00f3n Bluetooth: <\/span><span class=\"spec-value\">2400 MHz &#8211; 2483.5 MHz<\/span><\/li>\n<li class=\"spec-row\"><span class=\"spec-key\">Transmisi\u00f3n de modulaci\u00f3n GFSK v\u00eda Bluetooth: <\/span><span class=\"spec-value\">GFSK, \u03c0\/4 DQPSK, 8DPSK<\/span><\/li>\n<li class=\"spec-row\"><span class=\"spec-key\">Potencia de transmisi\u00f3n Bluetooth: <\/span><span class=\"spec-value\">&lt; 10dBm (EIRP)<\/span><\/li>\n<li class=\"spec-row\"><span class=\"spec-key\">Versi\u00f3n Bluetooth: <\/span><span class=\"spec-value\">5.1<\/span><\/li>\n<\/ul>\n<h6><strong>BATERIA<\/strong><\/h6>\n<div>\n<ul>\n<li class=\"spec-row\"><span class=\"spec-key\">Tiempo de carga (hrs): <\/span><span class=\"spec-value\">2.5<\/span><\/li>\n<li class=\"spec-row\"><span class=\"spec-key\">Tiempo de reproducci\u00f3n de musica(hrs): <\/span><span class=\"spec-value\">12<\/span><\/li>\n<\/ul>\n<\/div>\n<div><\/div>\n","protected":false},"excerpt":{"rendered":"<p>El atrevido JBL Flip 6 ofrece el potente sonido JBL Original Pro con una claridad excepcional gracias a su sistema de altavoces bidireccionales, con un driver optimizado en forma de pista de carreras, un altavoz de agudos independiente y dos radiadores pasivos (uno a cada lateral). Este altavoz, adem\u00e1s de ofrecerte el mejor sonido, es f\u00e1cil de transportar y es resistente al agua y al polvo, por lo que puedes llevarlo a cualquier parte, sin importar el tiempo que haga. Y con 12 horas de bater\u00eda, puedes irte de fiesta desde el amanecer al anochecer, all\u00e1 donde te lleve la m\u00fasica. Usa PartyBoost para conectar varios altavoces compatibles.<\/p>\n","protected":false},"featured_media":2919,"comment_status":"closed","ping_status":"closed","template":"","meta":{"_et_pb_use_builder":"","_et_pb_old_content":"","_et_gb_content_width":""},"product_brand":[],"product_cat":[83,411],"product_tag":[236,387,386],"class_list":{"0":"post-2918","1":"product","2":"type-product","3":"status-publish","4":"has-post-thumbnail","6":"product_cat-parlantes","7":"product_cat-dia-del-nino","8":"product_tag-bluetooth","9":"product_tag-jbl","10":"product_tag-parlante","12":"first","13":"instock","14":"sale","15":"shipping-taxable","16":"purchasable","17":"product-type-simple"},"_links":{"self":[{"href":"https:\/\/bonomosistemas.com.ar\/site\/wp-json\/wp\/v2\/product\/2918","targetHints":{"allow":["GET"]}}],"collection":[{"href":"https:\/\/bonomosistemas.com.ar\/site\/wp-json\/wp\/v2\/product"}],"about":[{"href":"https:\/\/bonomosistemas.com.ar\/site\/wp-json\/wp\/v2\/types\/product"}],"replies":[{"embeddable":true,"href":"https:\/\/bonomosistemas.com.ar\/site\/wp-json\/wp\/v2\/comments?post=2918"}],"wp:featuredmedia":[{"embeddable":true,"href":"https:\/\/bonomosistemas.com.ar\/site\/wp-json\/wp\/v2\/media\/2919"}],"wp:attachment":[{"href":"https:\/\/bonomosistemas.com.ar\/site\/wp-json\/wp\/v2\/media?parent=2918"}],"wp:term":[{"taxonomy":"product_brand","embeddable":true,"href":"https:\/\/bonomosistemas.com.ar\/site\/wp-json\/wp\/v2\/product_brand?post=2918"},{"taxonomy":"product_cat","embeddable":true,"href":"https:\/\/bonomosistemas.com.ar\/site\/wp-json\/wp\/v2\/product_cat?post=2918"},{"taxonomy":"product_tag","embeddable":true,"href":"https:\/\/bonomosistemas.com.ar\/site\/wp-json\/wp\/v2\/product_tag?post=2918"}],"curies":[{"name":"wp","href":"https:\/\/api.w.org\/{rel}","templated":true}]}}