{"id":3095,"date":"2024-10-03T19:45:22","date_gmt":"2024-10-03T22:45:22","guid":{"rendered":"https:\/\/bonomosistemas.com.ar\/site\/?post_type=product&#038;p=3095"},"modified":"2026-01-26T19:38:08","modified_gmt":"2026-01-26T22:38:08","slug":"mouse-philips-m213","status":"publish","type":"product","link":"https:\/\/bonomosistemas.com.ar\/site\/producto\/mouse-philips-m213\/","title":{"rendered":"Mouse Philips M213"},"content":{"rendered":"<ul>\n<li><strong>Marca:<\/strong> Philips<\/li>\n<li><strong>Tipo de mouse:<\/strong> Convencional<\/li>\n<li><strong>Es gamer:<\/strong> No<\/li>\n<li><strong>Es inal\u00e1mbrico:<\/strong> No<\/li>\n<li><strong>Modelo:<\/strong> M213<\/li>\n<li><strong>Resoluci\u00f3n del sensor:<\/strong> 3200 dpi<\/li>\n<li><strong>Tipo de sensor:<\/strong> \u00d3ptico<\/li>\n<li><strong>Con Bluetooth:<\/strong> No<\/li>\n<li><strong>Con conexi\u00f3n USB:<\/strong> S\u00ed<\/li>\n<li><strong>Con cable:<\/strong> S\u00ed<\/li>\n<\/ul>\n","protected":false},"excerpt":{"rendered":"<p>Marca: Philips Tipo de mouse: Convencional Es gamer: No Es inal\u00e1mbrico: No Modelo: M213 Resoluci\u00f3n del sensor: 3200 dpi Tipo de sensor: \u00d3ptico Con Bluetooth: No Con conexi\u00f3n USB: S\u00ed Con cable: S\u00ed<\/p>\n","protected":false},"featured_media":3097,"comment_status":"open","ping_status":"closed","template":"","meta":{"_et_pb_use_builder":"","_et_pb_old_content":"","_et_gb_content_width":""},"product_brand":[],"product_cat":[411,82],"product_tag":[147,333],"class_list":{"0":"post-3095","1":"product","2":"type-product","3":"status-publish","4":"has-post-thumbnail","6":"product_cat-dia-del-nino","7":"product_cat-mouse","8":"product_tag-mouse","9":"product_tag-philips","11":"first","12":"instock","13":"shipping-taxable","14":"purchasable","15":"product-type-simple"},"_links":{"self":[{"href":"https:\/\/bonomosistemas.com.ar\/site\/wp-json\/wp\/v2\/product\/3095","targetHints":{"allow":["GET"]}}],"collection":[{"href":"https:\/\/bonomosistemas.com.ar\/site\/wp-json\/wp\/v2\/product"}],"about":[{"href":"https:\/\/bonomosistemas.com.ar\/site\/wp-json\/wp\/v2\/types\/product"}],"replies":[{"embeddable":true,"href":"https:\/\/bonomosistemas.com.ar\/site\/wp-json\/wp\/v2\/comments?post=3095"}],"wp:featuredmedia":[{"embeddable":true,"href":"https:\/\/bonomosistemas.com.ar\/site\/wp-json\/wp\/v2\/media\/3097"}],"wp:attachment":[{"href":"https:\/\/bonomosistemas.com.ar\/site\/wp-json\/wp\/v2\/media?parent=3095"}],"wp:term":[{"taxonomy":"product_brand","embeddable":true,"href":"https:\/\/bonomosistemas.com.ar\/site\/wp-json\/wp\/v2\/product_brand?post=3095"},{"taxonomy":"product_cat","embeddable":true,"href":"https:\/\/bonomosistemas.com.ar\/site\/wp-json\/wp\/v2\/product_cat?post=3095"},{"taxonomy":"product_tag","embeddable":true,"href":"https:\/\/bonomosistemas.com.ar\/site\/wp-json\/wp\/v2\/product_tag?post=3095"}],"curies":[{"name":"wp","href":"https:\/\/api.w.org\/{rel}","templated":true}]}}