{"id":3201,"date":"2024-12-08T11:48:54","date_gmt":"2024-12-08T14:48:54","guid":{"rendered":"https:\/\/bonomosistemas.com.ar\/site\/?post_type=product&#038;p=3201"},"modified":"2026-01-26T19:35:50","modified_gmt":"2026-01-26T22:35:50","slug":"mouse-bluetooth-logitech-m240-silent","status":"publish","type":"product","link":"https:\/\/bonomosistemas.com.ar\/site\/producto\/mouse-bluetooth-logitech-m240-silent\/","title":{"rendered":"Mouse Bluetooth Logitech M240 Silent"},"content":{"rendered":"<ul>\n<li class=\"specs-heading\"><strong>DIMENSIONES<\/strong>\n<ul>\n<li class=\"specs-heading\"><strong>Altura<\/strong>: 99 mm<\/li>\n<li class=\"specs-heading\"><strong>Ancho<\/strong>: 60 mm<\/li>\n<li class=\"specs-heading\"><strong>Profundidad<\/strong>: 39 mm<\/li>\n<li class=\"specs-heading\"><strong>Peso (con bater\u00edas)<\/strong>: 73,8\u00a0g<\/li>\n<\/ul>\n<\/li>\n<\/ul>\n<div class=\"specs-column\">\n<div class=\"specs-group\">\n<div class=\"specs-block\"><\/div>\n<\/div>\n<\/div>\n<ul>\n<li><strong>ESPECIFICACIONES TECNICAS<\/strong>\n<ul>\n<li><strong>SilentTouch Technology:<\/strong> 90 % de reducci\u00f3n del ruido del clic izquierdo y derecho, clic central.<\/li>\n<li><strong>Tecnolog\u00eda del sensor:<\/strong>\n<ul>\n<li>Seguimiento \u00f3ptico uniforme.<\/li>\n<li><strong>Valor nominal<\/strong>: Rango de dpi.<\/li>\n<li><strong>Rango de dpi<\/strong>: 400-4000, pasos de 100 DPI.<\/li>\n<\/ul>\n<\/li>\n<li><strong>N\u00famero de botones<\/strong>: 3 (click izquierdo\/derecho, click de bot\u00f3n central).<\/li>\n<li>Desplazamiento l\u00ednea por l\u00ednea.<\/li>\n<li><strong>Rueda de desplazamiento<\/strong>: S\u00ed, 2D, \u00f3ptico.<\/li>\n<li><strong>Duraci\u00f3n de bater\u00edas<\/strong>: 18 meses.<\/li>\n<li><strong>Detalles de bater\u00eda<\/strong>: 1 x AAA (incluida).<\/li>\n<li><strong>Tipo de conexi\u00f3n<\/strong>: Tecnolog\u00eda Bluetooth de bajo consumo.<\/li>\n<li><strong>Radio de acci\u00f3n inal\u00e1mbrico<\/strong>: 10 metros.<\/li>\n<li><strong>Conexi\u00f3n \/ Encendido<\/strong>: S\u00ed, interruptor de encendido\/apagado.<\/li>\n<\/ul>\n<\/li>\n<\/ul>\n<div class=\"specs-column\">\n<div class=\"specs-group\">\n<div class=\"specs-block\"><\/div>\n<div class=\"specs-block\"><\/div>\n<div class=\"specs-block\"><\/div>\n<\/div>\n<\/div>\n<div class=\"specs-column\">\n<div class=\"specs-group\">\n<div class=\"specs-block\"><\/div>\n<\/div>\n<\/div>\n","protected":false},"excerpt":{"rendered":"<div class=\"pangea-cmp body-copy js-pangea-body-copy aem-margin-options  font-size-normal font-brown-light dc-kohle tc-kohle mc-kohle\" data-aem-id=\"text_editable_copy-i3f76a6460236cae5856c0ec2ae2e1bef\" data-align-desktop=\"center\" data-align-tablet=\"center\" data-align-mobile=\"center\" data-body-size=\"font-size-normal\">\n<div class=\"aem-content-ctn no-container\">\n<div class=\"aem-padding-options tptm\" data-aem-id=\"text_editable_copy-i3f76a6460236cae5856c0ec2ae2e1bef-padding-options\">\n<div class=\"content-ctn rte-field text-width-normal\">\n<h6 class=\"body-copy-title font-title-m font-brown-bold  \"><strong>SILENCIOSO, C\u00d3MODO Y F\u00c1CIL<\/strong><\/h6>\n<p class=\"body-copy-title font-title-m font-brown-bold  \">Presentamos M240 Silent, el confiable mouse\u00a0<em>Bluetooth <\/em>que libera su espacio de trabajo, se conecta en segundos y ofrece una productividad ultrasilenciosa y duradera. Una forma esculpida y contorneada y 18 meses de duraci\u00f3n de la bater\u00eda te permiten concentrarte en lo que haces mejor.<\/p>\n<\/div>\n<\/div>\n<\/div>\n<\/div>\n<div class=\"pangea-cmp pangea-image aem-margin-options \" data-aem-id=\"image_editable-ic3d04cdf2e1f6c18ced391318b76dd0b\">\n<div class=\"aem-content-ctn container-xl\">\n<div class=\"aem-padding-options dpbm tpbm mpbm\" data-aem-id=\"image_editable-ic3d04cdf2e1f6c18ced391318b76dd0b-padding-options\"><picture class=\"pangea-cmp responsive-img js-pangea-responsive-img pangea-inited\" data-visible-desktop=\"true\" data-visible-tablet=\"true\" data-visible-mobile=\"true\" data-align-desktop=\"center\" data-align-tablet=\"center\" data-align-mobile=\"center\" data-full-width-desktop=\"false\" data-full-width-tablet=\"true\" data-full-width-mobile=\"true\"><source srcset=\"https:\/\/resource.logitech.com\/w_1001,c_limit,q_auto,f_auto,dpr_1.0\/d_transparent.gif\/content\/dam\/logitech\/en\/products\/mice\/m240\/m240-feature-1.jpg?v=1 1x, https:\/\/resource.logitech.com\/w_1001,c_limit,q_auto,f_auto,dpr_2.0\/d_transparent.gif\/content\/dam\/logitech\/en\/products\/mice\/m240\/m240-feature-1.jpg?v=1 2x\" media=\"(min-width: 1025px)\" \/><source srcset=\"https:\/\/resource.logitech.com\/w_1024,h_1366,c_limit,q_auto,f_auto,dpr_1.0\/d_transparent.gif\/content\/dam\/logitech\/en\/products\/mice\/m240\/m240-feature-1.jpg?v=1\" media=\"(min-width: 720px)\" \/><source srcset=\"https:\/\/resource.logitech.com\/w_420,h_1024,c_limit,q_auto,f_auto,dpr_1.0\/d_transparent.gif\/content\/dam\/logitech\/en\/products\/mice\/m240\/m240-feature-1.jpg?v=1\" media=\"(max-width: 719px)\" \/><\/picture><\/div>\n<\/div>\n<div data-aem-id=\"image_editable-ic3d04cdf2e1f6c18ced391318b76dd0b-padding-options\">\n<h6 class=\"font-title-m js-title  no-uppercase \"><strong>BLUETOOTH\u00a0R\u00c1PIDO Y F\u00c1CIL<\/strong><\/h6>\n<div class=\"body-copy-ctn js-body-copy-ctn rte-field \">\n<p>M240 Silent se conecta en segundos con una conexi\u00f3n\u00a0<em>Bluetooth<\/em>\u00a0de emparejamiento y reproducci\u00f3n fiable, sin necesidad de dongle ni puerto. Funciona con Windows, macOS, ChromeOS, Linux, Android.<\/p>\n<h6 class=\"h3 \"><strong>MENOS RUIDO, M\u00c1S CONCENTRACI\u00d3N<\/strong><\/h6>\n<p>La tecnolog\u00eda SilentTouch reduce los clics en un 90%, pero mantiene la familiar sensaci\u00f3n de clic que conoces y amas. Por tanto, siente cada clic, pero no oye pr\u00e1cticamente nada. Menos ruido, gran rendimiento.<\/p>\n<h6 class=\"body-copy-title font-title-m font-brown-bold dc-black tc-black mc-black \"><strong>FORMA C\u00d3MODA, DISE\u00d1O COMPACTO<\/strong><\/h6>\n<p>Mantente productivo durante m\u00e1s tiempo con la comodidad y forma contorneada que se adapta a la curva natural de la mano. Compacto e inal\u00e1mbrico, el mouse se ajusta f\u00e1cilmente a tu laptop en la mochila para que lo puedas llevar a donde sea que trabajes. M240 Silent est\u00e1 dise\u00f1ado para ser igualmente c\u00f3modo para usuarios diestros y zurdos.<\/p>\n<\/div>\n<\/div>\n<\/div>\n","protected":false},"featured_media":3202,"comment_status":"open","ping_status":"closed","template":"","meta":{"_et_pb_use_builder":"","_et_pb_old_content":"","_et_gb_content_width":""},"product_brand":[],"product_cat":[82],"product_tag":[148,147],"class_list":{"0":"post-3201","1":"product","2":"type-product","3":"status-publish","4":"has-post-thumbnail","6":"product_cat-mouse","7":"product_tag-logitech","8":"product_tag-mouse","10":"first","11":"instock","12":"shipping-taxable","13":"purchasable","14":"product-type-simple"},"_links":{"self":[{"href":"https:\/\/bonomosistemas.com.ar\/site\/wp-json\/wp\/v2\/product\/3201","targetHints":{"allow":["GET"]}}],"collection":[{"href":"https:\/\/bonomosistemas.com.ar\/site\/wp-json\/wp\/v2\/product"}],"about":[{"href":"https:\/\/bonomosistemas.com.ar\/site\/wp-json\/wp\/v2\/types\/product"}],"replies":[{"embeddable":true,"href":"https:\/\/bonomosistemas.com.ar\/site\/wp-json\/wp\/v2\/comments?post=3201"}],"wp:featuredmedia":[{"embeddable":true,"href":"https:\/\/bonomosistemas.com.ar\/site\/wp-json\/wp\/v2\/media\/3202"}],"wp:attachment":[{"href":"https:\/\/bonomosistemas.com.ar\/site\/wp-json\/wp\/v2\/media?parent=3201"}],"wp:term":[{"taxonomy":"product_brand","embeddable":true,"href":"https:\/\/bonomosistemas.com.ar\/site\/wp-json\/wp\/v2\/product_brand?post=3201"},{"taxonomy":"product_cat","embeddable":true,"href":"https:\/\/bonomosistemas.com.ar\/site\/wp-json\/wp\/v2\/product_cat?post=3201"},{"taxonomy":"product_tag","embeddable":true,"href":"https:\/\/bonomosistemas.com.ar\/site\/wp-json\/wp\/v2\/product_tag?post=3201"}],"curies":[{"name":"wp","href":"https:\/\/api.w.org\/{rel}","templated":true}]}}