{"id":3427,"date":"2025-04-06T14:53:47","date_gmt":"2025-04-06T17:53:47","guid":{"rendered":"https:\/\/bonomosistemas.com.ar\/site\/?post_type=product&#038;p=3427"},"modified":"2026-01-26T19:32:53","modified_gmt":"2026-01-26T22:32:53","slug":"kit-teclado-y-mouse-inalambrico-logitech-mk345","status":"publish","type":"product","link":"https:\/\/bonomosistemas.com.ar\/site\/producto\/kit-teclado-y-mouse-inalambrico-logitech-mk345\/","title":{"rendered":"Kit Teclado y Mouse Inal\u00e1mbrico Logitech MK345"},"content":{"rendered":"<div class=\"specs-group\">\n<div class=\"specs-block\">\n<ul>\n<li><strong>Teclado<\/strong><\/li>\n<\/ul>\n<\/div>\n<\/div>\n<div class=\"specs-group\">\n<div class=\"specs-block\">\n<ul>\n<li style=\"list-style-type: none;\">\n<ul class=\"specs-description-list\">\n<li>Dise\u00f1o resistente a salpicaduras<\/li>\n<li>Patas inclinables con altura ajustable<\/li>\n<li><strong>Teclas especiales<\/strong>: Controles de m\u00fasica<\/li>\n<li>Reposamanos<\/li>\n<li>Teclado num\u00e9rico con 10 teclas<\/li>\n<li><strong>Tipo de teclas<\/strong>: Teclas c\u00f3ncavas<\/li>\n<li>Conmutador de encendido\/apagado<\/li>\n<li>Dos bater\u00edas AAA<\/li>\n<li><strong>Duraci\u00f3n de bater\u00edas<\/strong>: 36 meses<\/li>\n<li><strong>Altura:<\/strong> 186,7mm<\/li>\n<li><strong>Ancho:<\/strong> 447,2mm<\/li>\n<li><strong>Profundidad:<\/strong> 21,4 mm<\/li>\n<li><strong>Peso (con bater\u00edas):<\/strong> 603 g<\/li>\n<\/ul>\n<\/li>\n<\/ul>\n<\/div>\n<div class=\"specs-block\">\n<ul>\n<li class=\"specs-title\"><strong>Mouse<\/strong><\/li>\n<\/ul>\n<ul class=\"specs-description-list\">\n<li style=\"list-style-type: none;\">\n<ul class=\"specs-description-list\">\n<li><strong>Tecnolog\u00eda de sensor<\/strong>: Seguimiento \u00f3ptico uniforme<\/li>\n<li><strong>N\u00famero de botones<\/strong>: 3 (click izquierdo\/derecho, click de bot\u00f3n central)<\/li>\n<li><strong>Desplazamiento<\/strong>: l\u00ednea a l\u00ednea<\/li>\n<li><strong>Rueda de desplazamiento<\/strong>: S\u00ed, 2D, mec\u00e1nico<\/li>\n<li><strong>Conexi\u00f3n\/alimentaci\u00f3n<\/strong>: Bot\u00f3n de encendido\/apagado<\/li>\n<li>1 pila AA<\/li>\n<li><strong>Duraci\u00f3n de bater\u00edas<\/strong>: 18 meses<\/li>\n<li><strong>Altura:<\/strong> 105,4 mm<\/li>\n<li><strong>Ancho:<\/strong> 67,9 mm<\/li>\n<li><strong>Profundidad:<\/strong> 38,4 mm<\/li>\n<li><strong>Peso (con baterias):<\/strong> 78 g<\/li>\n<\/ul>\n<\/li>\n<\/ul>\n<ul>\n<li><strong>Radio de acci\u00f3n inal\u00e1mbrica:<\/strong> 10 metros.<\/li>\n<\/ul>\n<\/div>\n<div class=\"specs-block\"><\/div>\n<\/div>\n<div class=\"specs-block\">\n<ul>\n<li style=\"list-style-type: none;\"><\/li>\n<\/ul>\n<\/div>\n<div class=\"specs-block\"><\/div>\n<div class=\"specs-block\"><\/div>\n","protected":false},"excerpt":{"rendered":"<p>La combinaci\u00f3n inal\u00e1mbrica Logitech MK345 se compone de un confortable teclado de tama\u00f1o normal y un mouse para la mano derecha. Su conectividad inal\u00e1mbrica te da la confiabilidad de una conexi\u00f3n con cable y la conveniencia y libertad de una conexi\u00f3n inal\u00e1mbrica.<\/p>\n","protected":false},"featured_media":3428,"comment_status":"open","ping_status":"closed","template":"","meta":{"_et_pb_use_builder":"","_et_pb_old_content":"","_et_gb_content_width":""},"product_brand":[],"product_cat":[411,176],"product_tag":[193,148,147,175],"class_list":{"0":"post-3427","1":"product","2":"type-product","3":"status-publish","4":"has-post-thumbnail","6":"product_cat-dia-del-nino","7":"product_cat-kit-teclado-y-mouse","8":"product_tag-kit-teclado-mouse","9":"product_tag-logitech","10":"product_tag-mouse","11":"product_tag-teclado","13":"first","14":"instock","15":"shipping-taxable","16":"purchasable","17":"product-type-simple"},"_links":{"self":[{"href":"https:\/\/bonomosistemas.com.ar\/site\/wp-json\/wp\/v2\/product\/3427","targetHints":{"allow":["GET"]}}],"collection":[{"href":"https:\/\/bonomosistemas.com.ar\/site\/wp-json\/wp\/v2\/product"}],"about":[{"href":"https:\/\/bonomosistemas.com.ar\/site\/wp-json\/wp\/v2\/types\/product"}],"replies":[{"embeddable":true,"href":"https:\/\/bonomosistemas.com.ar\/site\/wp-json\/wp\/v2\/comments?post=3427"}],"wp:featuredmedia":[{"embeddable":true,"href":"https:\/\/bonomosistemas.com.ar\/site\/wp-json\/wp\/v2\/media\/3428"}],"wp:attachment":[{"href":"https:\/\/bonomosistemas.com.ar\/site\/wp-json\/wp\/v2\/media?parent=3427"}],"wp:term":[{"taxonomy":"product_brand","embeddable":true,"href":"https:\/\/bonomosistemas.com.ar\/site\/wp-json\/wp\/v2\/product_brand?post=3427"},{"taxonomy":"product_cat","embeddable":true,"href":"https:\/\/bonomosistemas.com.ar\/site\/wp-json\/wp\/v2\/product_cat?post=3427"},{"taxonomy":"product_tag","embeddable":true,"href":"https:\/\/bonomosistemas.com.ar\/site\/wp-json\/wp\/v2\/product_tag?post=3427"}],"curies":[{"name":"wp","href":"https:\/\/api.w.org\/{rel}","templated":true}]}}