{"id":3519,"date":"2025-05-28T12:22:58","date_gmt":"2025-05-28T15:22:58","guid":{"rendered":"https:\/\/bonomosistemas.com.ar\/site\/?post_type=product&#038;p=3519"},"modified":"2026-01-26T19:43:41","modified_gmt":"2026-01-26T22:43:41","slug":"webcam-logitech-brio-300","status":"publish","type":"product","link":"https:\/\/bonomosistemas.com.ar\/site\/producto\/webcam-logitech-brio-300\/","title":{"rendered":"Webcam Logitech Brio 300"},"content":{"rendered":"<div class=\"specs-group\">\n<header class=\"specs-header\">\n<ul>\n<li><strong>DIMENSIONES <\/strong><\/li>\n<\/ul>\n<\/header>\n<div class=\"specs-block\">\n<ul>\n<li style=\"list-style-type: none;\">\n<ul class=\"specs-description-list\">\n<li><strong>Altura:<\/strong> 65,63 mm<\/li>\n<li><strong>Ancho:<\/strong> 53,1 mm<\/li>\n<li><strong>Profundidad:<\/strong> 45 mm<\/li>\n<li><strong>Longitud del cable:<\/strong> 1,5 m<\/li>\n<li><strong>Peso:<\/strong> 74,6 g<\/li>\n<\/ul>\n<\/li>\n<\/ul>\n<\/div>\n<\/div>\n<div class=\"specs-group\">\n<header class=\"specs-header\">\n<ul>\n<li class=\"specs-heading\"><strong>REQUISITOS DEL SISTEMA<\/strong><\/li>\n<\/ul>\n<\/header>\n<div class=\"specs-block\">\n<ul>\n<li style=\"list-style-type: none;\">\n<ul class=\"specs-description-list\">\n<li>Windows, macOS o ChromeOS y pr\u00e1cticamente cualquier plataforma de videollamada de uso com\u00fan<\/li>\n<\/ul>\n<\/li>\n<\/ul>\n<\/div>\n<div class=\"specs-block\"><\/div>\n<\/div>\n<div class=\"specs-group\">\n<header class=\"specs-header\">\n<ul>\n<li class=\"specs-heading\"><strong>ESPECIFICACIONES T\u00c9CNICAS<\/strong>\n<div class=\"specs-block\"><\/div>\n<ul>\n<li><strong>M\u00faltiples resoluciones:<\/strong> 1080p\/30 fps (1920&#215;1080 p\u00edxeles) o 720p\/30 fps (1280&#215;720 p\u00edxeles)<\/li>\n<li><strong>Megapixeles de la c\u00e1mara:<\/strong> 2MP<\/li>\n<li><strong>Campo visual diagonal (dFOV):<\/strong> 70\u00b0<\/li>\n<li><strong>Zoom de Hardware:<\/strong> Zoom Digital 1x<\/li>\n<li><strong>Tipo de Enfoque:<\/strong> Foco Fijo<\/li>\n<li><strong>Tipo de Lente:<\/strong> Lente especial de pl\u00e1stico de 4 elementos con revestimiento antirreflectante<\/li>\n<li><strong>Tapa de privacidad: <\/strong>Integrada<\/li>\n<li>Conexi\u00f3n USB-C Plug and Play<\/li>\n<li><strong>Tipo de micr\u00f3fono integrado:<\/strong> Micr\u00f3fono mono con radio de acci\u00f3n de hasta 1,22m<\/li>\n<li>RightLight 2 equilibra autom\u00e1ticamente el brillo, ajusta el contraste y compensa los entornos de iluminaci\u00f3n dif\u00edciles para crear una presentaci\u00f3n natural.<\/li>\n<li><strong>Opciones de Montaje: <\/strong>Clip de montaje adjunto para monitores, pantallas LCD y port\u00e1tiles.<\/li>\n<\/ul>\n<\/li>\n<\/ul>\n<\/header>\n<div class=\"specs-block\">\n<ul>\n<li style=\"list-style-type: none;\"><\/li>\n<\/ul>\n<\/div>\n<\/div>\n","protected":false},"excerpt":{"rendered":"<p>Le damos la bienvenida a reuniones cada vez mejores con Brio 300, una elegante c\u00e1mara web fabricada con al menos un 48\u00a0% de pl\u00e1stico reciclado y certificada para las principales plataformas de reuniones.<\/p>\n","protected":false},"featured_media":3520,"comment_status":"open","ping_status":"closed","template":"","meta":{"_et_pb_use_builder":"","_et_pb_old_content":"","_et_gb_content_width":""},"product_brand":[],"product_cat":[85],"product_tag":[227,148,226],"class_list":{"0":"post-3519","1":"product","2":"type-product","3":"status-publish","4":"has-post-thumbnail","6":"product_cat-webcam","7":"product_tag-camara-web","8":"product_tag-logitech","9":"product_tag-webcam","11":"first","12":"instock","13":"shipping-taxable","14":"purchasable","15":"product-type-simple"},"_links":{"self":[{"href":"https:\/\/bonomosistemas.com.ar\/site\/wp-json\/wp\/v2\/product\/3519","targetHints":{"allow":["GET"]}}],"collection":[{"href":"https:\/\/bonomosistemas.com.ar\/site\/wp-json\/wp\/v2\/product"}],"about":[{"href":"https:\/\/bonomosistemas.com.ar\/site\/wp-json\/wp\/v2\/types\/product"}],"replies":[{"embeddable":true,"href":"https:\/\/bonomosistemas.com.ar\/site\/wp-json\/wp\/v2\/comments?post=3519"}],"wp:featuredmedia":[{"embeddable":true,"href":"https:\/\/bonomosistemas.com.ar\/site\/wp-json\/wp\/v2\/media\/3520"}],"wp:attachment":[{"href":"https:\/\/bonomosistemas.com.ar\/site\/wp-json\/wp\/v2\/media?parent=3519"}],"wp:term":[{"taxonomy":"product_brand","embeddable":true,"href":"https:\/\/bonomosistemas.com.ar\/site\/wp-json\/wp\/v2\/product_brand?post=3519"},{"taxonomy":"product_cat","embeddable":true,"href":"https:\/\/bonomosistemas.com.ar\/site\/wp-json\/wp\/v2\/product_cat?post=3519"},{"taxonomy":"product_tag","embeddable":true,"href":"https:\/\/bonomosistemas.com.ar\/site\/wp-json\/wp\/v2\/product_tag?post=3519"}],"curies":[{"name":"wp","href":"https:\/\/api.w.org\/{rel}","templated":true}]}}