{"id":3524,"date":"2025-05-28T12:38:26","date_gmt":"2025-05-28T15:38:26","guid":{"rendered":"https:\/\/bonomosistemas.com.ar\/site\/?post_type=product&#038;p=3524"},"modified":"2026-01-26T20:11:10","modified_gmt":"2026-01-26T23:11:10","slug":"adaptador-usb-bluetooth-4-0-tp-link-ub400","status":"publish","type":"product","link":"https:\/\/bonomosistemas.com.ar\/site\/producto\/adaptador-usb-bluetooth-4-0-tp-link-ub400\/","title":{"rendered":"Adaptador USB Bluetooth 4.0 TP-Link UB400"},"content":{"rendered":"<ul>\n<li><strong>Est\u00e1ndares y Protocolos:<\/strong> Bluetooth 4.0<\/li>\n<li><strong>Interface:<\/strong> USB 2.0<\/li>\n<li><strong>Dimensiones (An x Pr x Al):<\/strong> 14.8 \u00d7 6.8 \u00d7 18.9 mm (0.58 \u00d7 0.27 \u00d7 0.74 in)<\/li>\n<\/ul>\n","protected":false},"excerpt":{"rendered":"<ul>\n<li><strong>Bluetooth 4.0<\/strong>\u00a0\u2013 Aplica la \u00faltima tecnolog\u00eda de Bluetooth 4.0 con poca energ\u00eda (BLE) y es compatible con Bluetooth V3.0\/2.1\/2.0\/1.1<\/li>\n<li><strong>Sin necesidad de Driver<\/strong>\u2013 Plug and Play para Win 8, Win 8.1, para Win 10<\/li>\n<li><strong>Tama\u00f1o-Nano<\/strong>\u00a0\u2013 Ultra peque\u00f1o e id\u00f3neo para transportar\u00a0con alto rendimiento\u00a0confiable<\/li>\n<li><strong>Sistemas Operativos Soportados<\/strong>\u00a0\u2013 Soporta Windows 10\/8.1\/8\/7\/XP<\/li>\n<\/ul>\n","protected":false},"featured_media":3525,"comment_status":"closed","ping_status":"closed","template":"","meta":{"_et_pb_use_builder":"","_et_pb_old_content":"","_et_gb_content_width":""},"product_brand":[],"product_cat":[61],"product_tag":[191,182],"class_list":{"0":"post-3524","1":"product","2":"type-product","3":"status-publish","4":"has-post-thumbnail","6":"product_cat-accesorios","7":"product_tag-adaptador-usb","8":"product_tag-tp-link","10":"first","11":"instock","12":"shipping-taxable","13":"purchasable","14":"product-type-simple"},"_links":{"self":[{"href":"https:\/\/bonomosistemas.com.ar\/site\/wp-json\/wp\/v2\/product\/3524","targetHints":{"allow":["GET"]}}],"collection":[{"href":"https:\/\/bonomosistemas.com.ar\/site\/wp-json\/wp\/v2\/product"}],"about":[{"href":"https:\/\/bonomosistemas.com.ar\/site\/wp-json\/wp\/v2\/types\/product"}],"replies":[{"embeddable":true,"href":"https:\/\/bonomosistemas.com.ar\/site\/wp-json\/wp\/v2\/comments?post=3524"}],"wp:featuredmedia":[{"embeddable":true,"href":"https:\/\/bonomosistemas.com.ar\/site\/wp-json\/wp\/v2\/media\/3525"}],"wp:attachment":[{"href":"https:\/\/bonomosistemas.com.ar\/site\/wp-json\/wp\/v2\/media?parent=3524"}],"wp:term":[{"taxonomy":"product_brand","embeddable":true,"href":"https:\/\/bonomosistemas.com.ar\/site\/wp-json\/wp\/v2\/product_brand?post=3524"},{"taxonomy":"product_cat","embeddable":true,"href":"https:\/\/bonomosistemas.com.ar\/site\/wp-json\/wp\/v2\/product_cat?post=3524"},{"taxonomy":"product_tag","embeddable":true,"href":"https:\/\/bonomosistemas.com.ar\/site\/wp-json\/wp\/v2\/product_tag?post=3524"}],"curies":[{"name":"wp","href":"https:\/\/api.w.org\/{rel}","templated":true}]}}