{"id":3544,"date":"2025-06-01T16:30:41","date_gmt":"2025-06-01T19:30:41","guid":{"rendered":"https:\/\/bonomosistemas.com.ar\/site\/?post_type=product&#038;p=3544"},"modified":"2026-01-13T13:58:13","modified_gmt":"2026-01-13T16:58:13","slug":"monitor-gamer-27-lg-ultragear-27gp750","status":"publish","type":"product","link":"https:\/\/bonomosistemas.com.ar\/site\/producto\/monitor-gamer-27-lg-ultragear-27gp750\/","title":{"rendered":"Monitor Gamer 27&#8243; LG UltraGear 27GP750"},"content":{"rendered":"<ul>\n<li><strong>Interfaz:<\/strong> 2 HDMI, 1 DisplayPort<\/li>\n<li><strong>Salida de auriculares:<\/strong> 3,5mm jack<\/li>\n<li><strong>Tama\u00f1o de pantalla:<\/strong> LED 27&#8243; (pulgadas)<\/li>\n<li><strong>Resoluci\u00f3n:<\/strong> 1920 x 1080<\/li>\n<li><strong>Velocidad de actualizaci\u00f3n:<\/strong> 240 Hz<\/li>\n<li><strong>Tiempo respuesta:<\/strong> 1Ms<\/li>\n<li><strong>Tipo de panel:<\/strong> IPS<\/li>\n<li><strong>\u00c1ngulo de visi\u00f3n (CR&gt;=10):<\/strong> 178\u00b0 (R\/L), 178\u00b0(U\/D)<\/li>\n<li><b>Montable en pared: <\/b>100 x 100 mm<\/li>\n<li><strong>AMD FreeSync:<\/strong> Si<\/li>\n<\/ul>\n","protected":false},"excerpt":{"rendered":"<ul class=\"feature-list on\">\n<li>Panel IPS de frecuencia de actualizacion de 240Hz, y el \u00fanico del mercado con 1ms de velocidad de respuesta nativa de 1ms<\/li>\n<li>Tecnolog\u00eda AMD FreeSync&#x2122;, ahora tambi\u00e9n compatible con gr\u00e1ficas NVIDIA y con la interfaz G-Sync, para disfrutar de toda la acci\u00f3n sin parpadeos.<\/li>\n<li>Brillos m\u00e1s intensos, sombras m\u00e1s profundas y siluetas mejor definidas, mejorando la experiencia de juego al conectarse a consolas compatibles con HDR (Xbox OneS \/ PS4 Pro) o una GPU compatible con HDR.<\/li>\n<li>Interacci\u00f3n en tiempo real y sin retrasos gracias a Dynamic Action Sync (DAS Mode)<\/li>\n<li>Estabilizador de Negros (Tecnolog\u00eda Black Stabilizer), que permite colores oscuros m\u00e1s diferenciados<\/li>\n<\/ul>\n","protected":false},"featured_media":3545,"comment_status":"open","ping_status":"closed","template":"","meta":{"_et_pb_use_builder":"","_et_pb_old_content":"","_et_gb_content_width":""},"product_brand":[],"product_cat":[411,70],"product_tag":[156,222,177],"class_list":{"0":"post-3544","1":"product","2":"type-product","3":"status-publish","4":"has-post-thumbnail","6":"product_cat-dia-del-nino","7":"product_cat-monitores-y-tv","8":"product_tag-gamer","9":"product_tag-lg","10":"product_tag-monitor","12":"first","13":"instock","14":"featured","15":"shipping-taxable","16":"purchasable","17":"product-type-simple"},"_links":{"self":[{"href":"https:\/\/bonomosistemas.com.ar\/site\/wp-json\/wp\/v2\/product\/3544","targetHints":{"allow":["GET"]}}],"collection":[{"href":"https:\/\/bonomosistemas.com.ar\/site\/wp-json\/wp\/v2\/product"}],"about":[{"href":"https:\/\/bonomosistemas.com.ar\/site\/wp-json\/wp\/v2\/types\/product"}],"replies":[{"embeddable":true,"href":"https:\/\/bonomosistemas.com.ar\/site\/wp-json\/wp\/v2\/comments?post=3544"}],"wp:featuredmedia":[{"embeddable":true,"href":"https:\/\/bonomosistemas.com.ar\/site\/wp-json\/wp\/v2\/media\/3545"}],"wp:attachment":[{"href":"https:\/\/bonomosistemas.com.ar\/site\/wp-json\/wp\/v2\/media?parent=3544"}],"wp:term":[{"taxonomy":"product_brand","embeddable":true,"href":"https:\/\/bonomosistemas.com.ar\/site\/wp-json\/wp\/v2\/product_brand?post=3544"},{"taxonomy":"product_cat","embeddable":true,"href":"https:\/\/bonomosistemas.com.ar\/site\/wp-json\/wp\/v2\/product_cat?post=3544"},{"taxonomy":"product_tag","embeddable":true,"href":"https:\/\/bonomosistemas.com.ar\/site\/wp-json\/wp\/v2\/product_tag?post=3544"}],"curies":[{"name":"wp","href":"https:\/\/api.w.org\/{rel}","templated":true}]}}