{"id":3550,"date":"2025-06-09T21:12:33","date_gmt":"2025-06-10T00:12:33","guid":{"rendered":"https:\/\/bonomosistemas.com.ar\/site\/?post_type=product&#038;p=3550"},"modified":"2026-02-28T22:05:22","modified_gmt":"2026-03-01T01:05:22","slug":"kit-criptografico-etoken-safenet-5110","status":"publish","type":"product","link":"https:\/\/bonomosistemas.com.ar\/site\/producto\/kit-criptografico-etoken-safenet-5110\/","title":{"rendered":"Kit Criptogr\u00e1fico eToken SafeNet 5110+"},"content":{"rendered":"<p>El nuevo\u00a0<strong>SafeNet eToken 5110+ <\/strong>es un dispositivo criptogr\u00e1fico dise\u00f1ado para la protecci\u00f3n de su certificado, firma digital y autenticaci\u00f3n de usuarios.<\/p>\n<p>Esta tecnolog\u00eda de certificados (<strong>PKI<\/strong>) permite generar y almacenar credenciales tales como certificados digitales dentro del ambiente protegido del chip del\u00a0<strong>etoken<\/strong>.<\/p>\n<p><strong>SafeNet eToken 5110+<\/strong>\u00a0FIPS es compatible con cientos de aplicaciones y cumple con todas las certificaciones de seguridad exigidas por los entes estatales y organismos internacionales para\u00a0<strong>tokens<\/strong>\u00a0de\u00a0<strong>autenticaci\u00f3n de usuarios.<\/strong><\/p>\n","protected":false},"excerpt":{"rendered":"<p>El nuevo\u00a0SafeNet eToken 5110+ es un dispositivo criptogr\u00e1fico dise\u00f1ado para la protecci\u00f3n de su certificado, firma digital y autenticaci\u00f3n de usuarios. Esta tecnolog\u00eda de certificados (PKI) permite generar y almacenar credenciales tales como certificados digitales dentro del ambiente protegido del chip del\u00a0etoken. SafeNet eToken 5110+\u00a0FIPS es compatible con cientos de aplicaciones y cumple con todas [&hellip;]<\/p>\n","protected":false},"featured_media":3551,"comment_status":"closed","ping_status":"closed","template":"","meta":{"_et_pb_use_builder":"","_et_pb_old_content":"","_et_gb_content_width":""},"product_brand":[],"product_cat":[61],"product_tag":[409,408,407],"class_list":{"0":"post-3550","1":"product","2":"type-product","3":"status-publish","4":"has-post-thumbnail","6":"product_cat-accesorios","7":"product_tag-criptografia","8":"product_tag-safenet","9":"product_tag-token","11":"first","12":"instock","13":"shipping-taxable","14":"purchasable","15":"product-type-simple"},"_links":{"self":[{"href":"https:\/\/bonomosistemas.com.ar\/site\/wp-json\/wp\/v2\/product\/3550","targetHints":{"allow":["GET"]}}],"collection":[{"href":"https:\/\/bonomosistemas.com.ar\/site\/wp-json\/wp\/v2\/product"}],"about":[{"href":"https:\/\/bonomosistemas.com.ar\/site\/wp-json\/wp\/v2\/types\/product"}],"replies":[{"embeddable":true,"href":"https:\/\/bonomosistemas.com.ar\/site\/wp-json\/wp\/v2\/comments?post=3550"}],"wp:featuredmedia":[{"embeddable":true,"href":"https:\/\/bonomosistemas.com.ar\/site\/wp-json\/wp\/v2\/media\/3551"}],"wp:attachment":[{"href":"https:\/\/bonomosistemas.com.ar\/site\/wp-json\/wp\/v2\/media?parent=3550"}],"wp:term":[{"taxonomy":"product_brand","embeddable":true,"href":"https:\/\/bonomosistemas.com.ar\/site\/wp-json\/wp\/v2\/product_brand?post=3550"},{"taxonomy":"product_cat","embeddable":true,"href":"https:\/\/bonomosistemas.com.ar\/site\/wp-json\/wp\/v2\/product_cat?post=3550"},{"taxonomy":"product_tag","embeddable":true,"href":"https:\/\/bonomosistemas.com.ar\/site\/wp-json\/wp\/v2\/product_tag?post=3550"}],"curies":[{"name":"wp","href":"https:\/\/api.w.org\/{rel}","templated":true}]}}