{"id":3714,"date":"2025-08-10T18:06:59","date_gmt":"2025-08-10T21:06:59","guid":{"rendered":"https:\/\/bonomosistemas.com.ar\/site\/?post_type=product&#038;p=3714"},"modified":"2026-05-01T16:06:13","modified_gmt":"2026-05-01T19:06:13","slug":"parlantes-logitech-s150","status":"publish","type":"product","link":"https:\/\/bonomosistemas.com.ar\/site\/producto\/parlantes-logitech-s150\/","title":{"rendered":"Parlantes Logitech S150"},"content":{"rendered":"<div class=\"p-6 specification svelte-13hsynt\">\n<ul>\n<li class=\"py-3\"><strong>Bocinas sat\u00e9lite<\/strong><\/li>\n<\/ul>\n<ul class=\"svelte-ccgg6m\">\n<li style=\"list-style-type: none;\">\n<ul class=\"svelte-ccgg6m\">\n<li>Altura: 158 mm<\/li>\n<li>Ancho: 68 mm<\/li>\n<li>Profundidad: 64 mm<\/li>\n<li>Peso: 0,4 kg<\/li>\n<\/ul>\n<\/li>\n<li><strong>Cable de alimentaci\u00f3n USB<br \/>\n<\/strong><\/p>\n<ul class=\"svelte-ccgg6m\">\n<li>Longitud del cable: 120 cm<\/li>\n<\/ul>\n<\/li>\n<li>\n<div class=\"py-3\"><strong>Cable de conexi\u00f3n de bocinas<\/strong><\/div>\n<ul class=\"svelte-ccgg6m\">\n<li>Longitud del cable: 80 cm<\/li>\n<li>Botones para subir y bajar volumen situados en bocina derecha<\/li>\n<li>Bot\u00f3n de silenciamiento\/reactivaci\u00f3n de sonido situado en bocina derecha<\/li>\n<li>Indicador luminoso de encendido: Luz LED \u00e1mbar en frontal de bocina derecha<\/li>\n<\/ul>\n<\/li>\n<\/ul>\n<\/div>\n<div class=\"p-6 specification svelte-13hsynt\">\n<ul>\n<li class=\"pb-3 text-18 text-black font-bold\"><strong>Especificaciones t\u00e9cnicas<\/strong><\/li>\n<\/ul>\n<ul>\n<li style=\"list-style-type: none;\">\n<ul class=\"pt-2.5 text-16 text-gray-360 svelte-ccgg6m\">\n<li class=\"py-1\">\n<div>Total de vatios (pico): 2.4W<\/div>\n<\/li>\n<li class=\"py-1\">\n<div>Total de vatios reales (RMS): 1,2\u00a0W<\/div>\n<\/li>\n<li class=\"py-1\">\n<div>Entrada USB-A para alimentaci\u00f3n y audio<\/div>\n<\/li>\n<\/ul>\n<\/li>\n<\/ul>\n<\/div>\n<div class=\"p-6 specification svelte-13hsynt\"><\/div>\n","protected":false},"excerpt":{"rendered":"<p>El dise\u00f1o estilizado y ligero de las bocinas ofrece controles simples y f\u00e1cil configuraci\u00f3n para una pr\u00e1ctica experiencia de audici\u00f3n. Las bocinas compactas y movibles te permiten personalizar f\u00e1cilmente la ubicaci\u00f3n de tu equipo.<\/p>\n","protected":false},"featured_media":3715,"comment_status":"open","ping_status":"closed","template":"","meta":{"_et_pb_use_builder":"","_et_pb_old_content":"","_et_gb_content_width":""},"product_brand":[],"product_cat":[411,83],"product_tag":[148,225],"class_list":{"0":"post-3714","1":"product","2":"type-product","3":"status-publish","4":"has-post-thumbnail","6":"product_cat-dia-del-nino","7":"product_cat-parlantes","8":"product_tag-logitech","9":"product_tag-parlantes","11":"first","12":"instock","13":"shipping-taxable","14":"purchasable","15":"product-type-simple"},"_links":{"self":[{"href":"https:\/\/bonomosistemas.com.ar\/site\/wp-json\/wp\/v2\/product\/3714","targetHints":{"allow":["GET"]}}],"collection":[{"href":"https:\/\/bonomosistemas.com.ar\/site\/wp-json\/wp\/v2\/product"}],"about":[{"href":"https:\/\/bonomosistemas.com.ar\/site\/wp-json\/wp\/v2\/types\/product"}],"replies":[{"embeddable":true,"href":"https:\/\/bonomosistemas.com.ar\/site\/wp-json\/wp\/v2\/comments?post=3714"}],"wp:featuredmedia":[{"embeddable":true,"href":"https:\/\/bonomosistemas.com.ar\/site\/wp-json\/wp\/v2\/media\/3715"}],"wp:attachment":[{"href":"https:\/\/bonomosistemas.com.ar\/site\/wp-json\/wp\/v2\/media?parent=3714"}],"wp:term":[{"taxonomy":"product_brand","embeddable":true,"href":"https:\/\/bonomosistemas.com.ar\/site\/wp-json\/wp\/v2\/product_brand?post=3714"},{"taxonomy":"product_cat","embeddable":true,"href":"https:\/\/bonomosistemas.com.ar\/site\/wp-json\/wp\/v2\/product_cat?post=3714"},{"taxonomy":"product_tag","embeddable":true,"href":"https:\/\/bonomosistemas.com.ar\/site\/wp-json\/wp\/v2\/product_tag?post=3714"}],"curies":[{"name":"wp","href":"https:\/\/api.w.org\/{rel}","templated":true}]}}