{"id":3929,"date":"2026-01-21T13:25:06","date_gmt":"2026-01-21T16:25:06","guid":{"rendered":"https:\/\/bonomosistemas.com.ar\/site\/?post_type=product&#038;p=3929"},"modified":"2026-02-28T21:55:02","modified_gmt":"2026-03-01T00:55:02","slug":"monitor-led-24-lenovo-thinkvision-s24-4e","status":"publish","type":"product","link":"https:\/\/bonomosistemas.com.ar\/site\/producto\/monitor-led-24-lenovo-thinkvision-s24-4e\/","title":{"rendered":"Monitor LED 24&#8243; Lenovo Thinkvision S24-4e"},"content":{"rendered":"<ul>\n<li><strong>Interfaz:<\/strong> 1 HDMI &#8211; 1 VGA<\/li>\n<li><strong>Tama\u00f1o de pantalla:<\/strong> LED 23,8&#8243; (pulgadas)<\/li>\n<li><strong>Resoluci\u00f3n:<\/strong> 1920 x 1080<\/li>\n<li><strong>Velocidad de actualizaci\u00f3n:<\/strong> 100Hz<\/li>\n<li><strong>Tiempo respuesta:<\/strong> 4Ms<\/li>\n<li><strong>Tipo de panel:<\/strong> IPS<\/li>\n<li><strong>\u00c1ngulo de visi\u00f3n (H\/V):<\/strong> 178\u00b0\/178\u00b0<\/li>\n<li><strong>Entrada de audio:<\/strong> No<\/li>\n<li><strong>Parlantes:<\/strong> No<\/li>\n<li>Montable en la pared VESA 100 x 100 mm<\/li>\n<li><strong>Dimensiones (ancho x alto x prof.):<\/strong> 610 x 420 x 112 mm<\/li>\n<\/ul>\n","protected":false},"excerpt":{"rendered":"<p>El monitor ThinkVision S24-4e est\u00e1 dise\u00f1ado para la excelencia profesional.<br \/>\nVisualiza tu trabajo con una calidad impecable en FHD con una tasa de refresco de 100 Hz para animaciones o im\u00e1genes en movimiento r\u00e1pido. El gran monitor de 23.8 pulgadas puede reducir autom\u00e1ticamente la tasa de refresco a 48 Hz para contenido menos exigente, ahorrando m\u00e1s energ\u00eda a largo plazo.<br \/>\nObserva tu trabajo en este monitor inmersivo y elegante con su pantalla sin bordes en 3 lados, que se adapta a cualquier espacio de trabajo moderno. El monitor tambi\u00e9n cuenta con tecnolog\u00eda de Luz Azul Natural Baja, protegiendo tu visi\u00f3n sin comprometer los colores impresionantes y fieles a la realidad.<br \/>\nPersonaliza tu comodidad con el soporte ajustable del monitor S24-4e. Inclina tu monitor sin esfuerzo al \u00e1ngulo de visi\u00f3n perfecto y ahorra espacio valioso en el escritorio con el soporte de inclinaci\u00f3n f\u00e1cil de ensamblar. Con un soporte VESA que admite Tiny PC, te permite fijar de forma segura tu Tiny PC directamente a la base de tu monitor.<\/p>\n","protected":false},"featured_media":3932,"comment_status":"open","ping_status":"closed","template":"","meta":{"_et_pb_use_builder":"","_et_pb_old_content":"","_et_gb_content_width":""},"product_brand":[],"product_cat":[411,70],"product_tag":[261,177],"class_list":{"0":"post-3929","1":"product","2":"type-product","3":"status-publish","4":"has-post-thumbnail","6":"product_cat-dia-del-nino","7":"product_cat-monitores-y-tv","8":"product_tag-lenovo","9":"product_tag-monitor","11":"first","12":"instock","13":"shipping-taxable","14":"purchasable","15":"product-type-simple"},"_links":{"self":[{"href":"https:\/\/bonomosistemas.com.ar\/site\/wp-json\/wp\/v2\/product\/3929","targetHints":{"allow":["GET"]}}],"collection":[{"href":"https:\/\/bonomosistemas.com.ar\/site\/wp-json\/wp\/v2\/product"}],"about":[{"href":"https:\/\/bonomosistemas.com.ar\/site\/wp-json\/wp\/v2\/types\/product"}],"replies":[{"embeddable":true,"href":"https:\/\/bonomosistemas.com.ar\/site\/wp-json\/wp\/v2\/comments?post=3929"}],"wp:featuredmedia":[{"embeddable":true,"href":"https:\/\/bonomosistemas.com.ar\/site\/wp-json\/wp\/v2\/media\/3932"}],"wp:attachment":[{"href":"https:\/\/bonomosistemas.com.ar\/site\/wp-json\/wp\/v2\/media?parent=3929"}],"wp:term":[{"taxonomy":"product_brand","embeddable":true,"href":"https:\/\/bonomosistemas.com.ar\/site\/wp-json\/wp\/v2\/product_brand?post=3929"},{"taxonomy":"product_cat","embeddable":true,"href":"https:\/\/bonomosistemas.com.ar\/site\/wp-json\/wp\/v2\/product_cat?post=3929"},{"taxonomy":"product_tag","embeddable":true,"href":"https:\/\/bonomosistemas.com.ar\/site\/wp-json\/wp\/v2\/product_tag?post=3929"}],"curies":[{"name":"wp","href":"https:\/\/api.w.org\/{rel}","templated":true}]}}